CRAN Package Check Results for Package SACOBRA

Last updated on 2022-10-02 21:53:53 CEST.

Flavor Version Tinstall Tcheck Ttotal Status Flags
r-devel-linux-x86_64-debian-clang 1.2 10.18 95.05 105.23 OK
r-devel-linux-x86_64-debian-gcc 1.2 9.12 68.29 77.41 OK
r-devel-linux-x86_64-fedora-clang 1.2 143.24 NOTE
r-devel-linux-x86_64-fedora-gcc 1.2 138.07 NOTE
r-devel-windows-x86_64 1.2 24.00 126.00 150.00 OK
r-patched-linux-x86_64 1.2 10.59 83.76 94.35 OK
r-release-linux-x86_64 1.2 11.14 82.77 93.91 OK
r-release-macos-arm64 1.2 46.00 NOTE
r-release-macos-x86_64 1.2 43.00 NOTE
r-release-windows-x86_64 1.2 35.00 144.00 179.00 OK
r-oldrel-macos-arm64 1.2 41.00 NOTE
r-oldrel-macos-x86_64 1.2 62.00 NOTE
r-oldrel-windows-ix86+x86_64 1.2 18.00 107.00 125.00 OK

Check Details

Version: 1.2
Check: dependencies in R code
Result: NOTE
    Namespaces in Imports field not imported from:
     ‘R6’ ‘mgcv’
     All declared Imports should be used.
Flavors: r-devel-linux-x86_64-fedora-clang, r-devel-linux-x86_64-fedora-gcc, r-release-macos-arm64, r-release-macos-x86_64, r-oldrel-macos-arm64, r-oldrel-macos-x86_64