CRAN Package Check Results for Package Ryacas0

Last updated on 2022-08-14 00:54:31 CEST.

Flavor Version Tinstall Tcheck Ttotal Status Flags
r-devel-linux-x86_64-debian-clang 0.4.3 91.72 101.92 193.64 OK
r-devel-linux-x86_64-debian-gcc 0.4.3 78.13 76.46 154.59 OK
r-devel-linux-x86_64-fedora-clang 0.4.3 296.68 NOTE
r-devel-linux-x86_64-fedora-gcc 0.4.3 267.01 OK
r-devel-windows-x86_64 0.4.3 188.00 178.00 366.00 OK
r-patched-linux-x86_64 0.4.3 79.82 100.98 180.80 OK
r-release-linux-x86_64 0.4.3 84.15 96.16 180.31 OK
r-release-macos-arm64 0.4.3 75.00 NOTE
r-release-macos-x86_64 0.4.3 121.00 NOTE
r-release-windows-x86_64 0.4.3 201.00 193.00 394.00 OK
r-oldrel-macos-arm64 0.4.3 98.00 NOTE
r-oldrel-macos-x86_64 0.4.3 168.00 NOTE
r-oldrel-windows-ix86+x86_64 0.4.3 239.00 179.00 418.00 OK

Check Details

Version: 0.4.3
Check: installed package size
Result: NOTE
     installed size is 7.3Mb
     sub-directories of 1Mb or more:
     libs 5.3Mb
     yacas 1.5Mb
Flavors: r-devel-linux-x86_64-fedora-clang, r-release-macos-arm64, r-release-macos-x86_64, r-oldrel-macos-arm64, r-oldrel-macos-x86_64