CRAN Package Check Results for Package Rxnat

Last updated on 2020-05-27 07:51:07 CEST.

Flavor Version Tinstall Tcheck Ttotal Status Flags
r-devel-linux-x86_64-debian-clang 1.0.8 2.67 33.63 36.30 OK
r-devel-linux-x86_64-debian-gcc 1.0.8 2.01 26.87 28.88 OK
r-devel-linux-x86_64-fedora-clang 1.0.8 44.42 OK
r-devel-linux-x86_64-fedora-gcc 1.0.8 43.92 OK
r-devel-windows-ix86+x86_64 1.0.8 11.00 96.00 107.00 OK
r-patched-linux-x86_64 1.0.8 2.90 31.25 34.15 WARN
r-patched-solaris-x86 1.0.8 65.30 OK
r-release-linux-x86_64 1.0.8 3.29 33.86 37.15 OK
r-release-osx-x86_64 1.0.8 OK
r-release-windows-ix86+x86_64 1.0.8 8.00 84.00 92.00 OK
r-oldrel-osx-x86_64 1.0.8 OK
r-oldrel-windows-ix86+x86_64 1.0.8 5.00 83.00 88.00 OK

Check Details

Version: 1.0.8
Check: re-building of vignette outputs
Result: WARN
    Error(s) in re-building vignettes:
     ...
    --- re-building ‘rxnat.Rmd’ using rmarkdown
    Quitting from lines 98-100 (rxnat.Rmd)
    Error: processing vignette 'rxnat.Rmd' failed with diagnostics:
    gnutls_handshake() failed: Error in the pull function.
    --- failed re-building ‘rxnat.Rmd’
    
    SUMMARY: processing the following file failed:
     ‘rxnat.Rmd’
    
    Error: Vignette re-building failed.
    Execution halted
Flavor: r-patched-linux-x86_64