Last updated on 2023-02-01 21:55:05 CET.
Flavor | Version | Tinstall | Tcheck | Ttotal | Status | Flags |
---|---|---|---|---|---|---|
r-devel-linux-x86_64-debian-clang | 0.8-3 | 71.97 | 62.89 | 134.86 | NOTE | |
r-devel-linux-x86_64-debian-gcc | 0.8-3 | 73.26 | 48.16 | 121.42 | NOTE | |
r-devel-linux-x86_64-fedora-clang | 0.8-3 | 212.72 | NOTE | |||
r-devel-linux-x86_64-fedora-gcc | 0.8-3 | 195.40 | NOTE | |||
r-patched-linux-x86_64 | 0.8-3 | 72.02 | 61.95 | 133.97 | OK | |
r-release-linux-x86_64 | 0.8-3 | 72.01 | 64.08 | 136.09 | OK | |
r-release-macos-arm64 | 0.8-3 | 47.00 | NOTE | |||
r-release-macos-x86_64 | 0.8-3 | 68.00 | NOTE | |||
r-release-windows-x86_64 | 0.8-3 | 154.00 | 137.00 | 291.00 | OK | |
r-oldrel-macos-arm64 | 0.8-3 | 48.00 | NOTE | |||
r-oldrel-macos-x86_64 | 0.8-3 | 65.00 | NOTE | |||
r-oldrel-windows-ix86+x86_64 | 0.8-3 | 186.00 | 126.00 | 312.00 | OK |
Version: 0.8-3
Check: C++ specification
Result: NOTE
Specified C++11: please update to current default of C++17
Flavors: r-devel-linux-x86_64-debian-clang, r-devel-linux-x86_64-debian-gcc, r-devel-linux-x86_64-fedora-clang, r-devel-linux-x86_64-fedora-gcc
Version: 0.8-3
Check: installed package size
Result: NOTE
installed size is 10.3Mb
sub-directories of 1Mb or more:
libs 9.4Mb
Flavors: r-release-macos-arm64, r-release-macos-x86_64, r-oldrel-macos-arm64, r-oldrel-macos-x86_64