CRAN Package Check Results for Package Rwofost

Last updated on 2024-02-27 21:48:38 CET.

Flavor Version Tinstall Tcheck Ttotal Status Flags
r-devel-linux-x86_64-debian-clang 0.8-3 83.41 66.77 150.18 NOTE
r-devel-linux-x86_64-debian-gcc 0.8-3 69.13 49.97 119.10 NOTE
r-devel-linux-x86_64-fedora-clang 0.8-3 232.13 NOTE
r-devel-linux-x86_64-fedora-gcc 0.8-3 210.11 NOTE
r-devel-windows-x86_64 0.8-3 65.00 96.00 161.00 NOTE
r-patched-linux-x86_64 0.8-3 82.32 64.65 146.97 NOTE
r-release-linux-x86_64 0.8-3 87.65 64.44 152.09 NOTE
r-release-macos-arm64 0.8-3 57.00 NOTE
r-release-macos-x86_64 0.8-3 92.00 NOTE
r-release-windows-x86_64 0.8-3 82.00 111.00 193.00 NOTE
r-oldrel-macos-arm64 0.8-3 52.00 NOTE
r-oldrel-windows-x86_64 0.8-3 82.00 105.00 187.00 OK

Check Details

Version: 0.8-3
Check: C++ specification
Result: NOTE Specified C++11: please drop specification unless essential Flavors: r-devel-linux-x86_64-debian-clang, r-devel-linux-x86_64-debian-gcc, r-devel-linux-x86_64-fedora-clang, r-devel-linux-x86_64-fedora-gcc, r-devel-windows-x86_64, r-patched-linux-x86_64, r-release-linux-x86_64, r-release-macos-arm64, r-release-macos-x86_64, r-release-windows-x86_64

Version: 0.8-3
Check: installed package size
Result: NOTE installed size is 11.0Mb sub-directories of 1Mb or more: libs 10.1Mb Flavors: r-release-macos-arm64, r-release-macos-x86_64, r-oldrel-macos-arm64