CRAN Package Check Results for Package RtD3

Last updated on 2022-10-03 01:54:06 CEST.

Flavor Version Tinstall Tcheck Ttotal Status Flags
r-devel-linux-x86_64-debian-clang 0.0.1 3.28 40.60 43.88 NOTE
r-devel-linux-x86_64-debian-gcc 0.0.1 2.41 30.05 32.46 NOTE
r-devel-linux-x86_64-fedora-clang 0.0.1 67.79 NOTE
r-devel-linux-x86_64-fedora-gcc 0.0.1 62.48 NOTE
r-devel-windows-x86_64 0.0.1 17.00 75.00 92.00 NOTE
r-patched-linux-x86_64 0.0.1 3.12 37.61 40.73 NOTE
r-release-linux-x86_64 0.0.1 2.88 37.12 40.00 NOTE
r-release-macos-arm64 0.0.1 24.00 NOTE
r-release-macos-x86_64 0.0.1 31.00 NOTE
r-release-windows-x86_64 0.0.1 24.00 67.00 91.00 NOTE
r-oldrel-macos-arm64 0.0.1 28.00 NOTE
r-oldrel-macos-x86_64 0.0.1 36.00 NOTE
r-oldrel-windows-ix86+x86_64 0.0.1 9.00 66.00 75.00 NOTE

Check Details

Version: 0.0.1
Check: LazyData
Result: NOTE
     'LazyData' is specified without a 'data' directory
Flavors: r-devel-linux-x86_64-debian-clang, r-devel-linux-x86_64-debian-gcc, r-devel-linux-x86_64-fedora-clang, r-devel-linux-x86_64-fedora-gcc, r-devel-windows-x86_64, r-patched-linux-x86_64, r-release-linux-x86_64, r-release-macos-arm64, r-release-macos-x86_64, r-release-windows-x86_64, r-oldrel-macos-arm64, r-oldrel-macos-x86_64, r-oldrel-windows-ix86+x86_64