Last updated on 2023-12-02 00:52:09 CET.
Flavor | Version | Tinstall | Tcheck | Ttotal | Status | Flags |
---|---|---|---|---|---|---|
r-devel-linux-x86_64-debian-clang | 3.1 | 11.70 | 87.64 | 99.34 | NOTE | |
r-devel-linux-x86_64-debian-gcc | 3.1 | 8.67 | 67.09 | 75.76 | NOTE | |
r-devel-linux-x86_64-fedora-clang | 3.1 | 121.09 | NOTE | |||
r-devel-linux-x86_64-fedora-gcc | 3.1 | 118.68 | NOTE | |||
r-devel-windows-x86_64 | 3.1 | 10.00 | 85.00 | 95.00 | NOTE | |
r-patched-linux-x86_64 | 3.1 | 10.85 | 86.31 | 97.16 | OK | |
r-release-linux-x86_64 | 3.1 | 9.57 | 85.92 | 95.49 | OK | |
r-release-macos-arm64 | 3.1 | 36.00 | OK | |||
r-release-macos-x86_64 | 3.1 | 65.00 | OK | |||
r-release-windows-x86_64 | 3.1 | 13.00 | 99.00 | 112.00 | OK | |
r-oldrel-macos-arm64 | 3.1 | 37.00 | OK | |||
r-oldrel-macos-x86_64 | 3.1 | 48.00 | OK | |||
r-oldrel-windows-x86_64 | 3.1 | 12.00 | 98.00 | 110.00 | OK |
Version: 3.1
Check: Rd \usage sections
Result: NOTE
Documented arguments not in \usage in Rd file 'calculate.var.np.Rd':
‘sone’ ‘szero’ ‘yone’ ‘yzero’
Functions with \usage entries need to have the appropriate \alias
entries, and all their arguments documented.
The \usage entries must correspond to syntactically valid R code.
See chapter ‘Writing R documentation files’ in the ‘Writing R
Extensions’ manual.
Flavors: r-devel-linux-x86_64-debian-clang, r-devel-linux-x86_64-debian-gcc, r-devel-linux-x86_64-fedora-clang, r-devel-linux-x86_64-fedora-gcc, r-devel-windows-x86_64