CRAN Package Check Results for Package RsqMed

Last updated on 2020-10-28 01:49:44 CET.

Flavor Version Tinstall Tcheck Ttotal Status Flags
r-devel-linux-x86_64-debian-clang 0.1.7.1 2.16 40.43 42.59 OK
r-devel-linux-x86_64-debian-gcc 0.1.7.1 1.85 30.75 32.60 OK
r-devel-linux-x86_64-fedora-clang 0.1.7.1 58.24 OK
r-devel-linux-x86_64-fedora-gcc 0.1.7.1 50.41 OK
r-devel-windows-ix86+x86_64 0.1.7.1 6.00 62.00 68.00 OK
r-patched-linux-x86_64 0.1.7.1 OK
r-release-linux-x86_64 0.1.7.1 2.25 38.52 40.77 OK
r-release-macos-x86_64 0.1.7.1 OK
r-release-windows-ix86+x86_64 0.1.7.1 5.00 42.00 47.00 OK
r-oldrel-macos-x86_64 0.1.7.1 ERROR
r-oldrel-windows-ix86+x86_64 0.1.7.1 4.00 55.00 59.00 OK

Check Details

Version: 0.1.7.1
Check: package dependencies
Result: ERROR
    Package required but not available: ‘GMMAT’
    
    See section ‘The DESCRIPTION file’ in the ‘Writing R Extensions’
    manual.
Flavor: r-oldrel-macos-x86_64