CRAN Package Check Results for Package Rsconctdply

Last updated on 2024-06-19 00:49:39 CEST.

Flavor Version Tinstall Tcheck Ttotal Status Flags
r-devel-linux-x86_64-debian-clang 0.1.3 1.32 19.94 21.26 NOTE
r-devel-linux-x86_64-debian-gcc 0.1.3 1.71 16.00 17.71 NOTE
r-devel-linux-x86_64-fedora-clang 0.1.3 28.90 NOTE
r-devel-linux-x86_64-fedora-gcc 0.1.3 27.62 NOTE
r-devel-windows-x86_64 0.1.3 3.00 37.00 40.00 NOTE
r-patched-linux-x86_64 0.1.3 1.91 20.07 21.98 NOTE
r-release-linux-x86_64 0.1.3 2.09 20.05 22.14 NOTE
r-release-macos-arm64 0.1.3 13.00 NOTE
r-release-macos-x86_64 0.1.3 20.00 NOTE
r-release-windows-x86_64 0.1.3 3.00 37.00 40.00 NOTE
r-oldrel-macos-arm64 0.1.3 16.00 NOTE
r-oldrel-macos-x86_64 0.1.3 18.00 NOTE
r-oldrel-windows-x86_64 0.1.3 4.00 40.00 44.00 NOTE

Check Details

Version: 0.1.3
Check: LazyData
Result: NOTE 'LazyData' is specified without a 'data' directory Flavors: r-devel-linux-x86_64-debian-clang, r-devel-linux-x86_64-debian-gcc, r-devel-linux-x86_64-fedora-clang, r-devel-linux-x86_64-fedora-gcc, r-devel-windows-x86_64, r-patched-linux-x86_64, r-release-linux-x86_64, r-release-macos-arm64, r-release-macos-x86_64, r-release-windows-x86_64, r-oldrel-macos-arm64, r-oldrel-macos-x86_64, r-oldrel-windows-x86_64

Version: 0.1.3
Check: dependencies in R code
Result: NOTE Namespace in Imports field not imported from: ‘dplyr’ All declared Imports should be used. Flavors: r-devel-linux-x86_64-fedora-clang, r-devel-linux-x86_64-fedora-gcc