CRAN Package Check Results for Package RprobitB

Last updated on 2022-09-29 12:55:38 CEST.

Flavor Version Tinstall Tcheck Ttotal Status Flags
r-devel-linux-x86_64-debian-clang 1.1.1 112.98 462.39 575.37 OK
r-devel-linux-x86_64-debian-gcc 1.1.1 85.17 332.17 417.34 OK
r-devel-linux-x86_64-fedora-clang 1.1.1 752.78 OK
r-devel-linux-x86_64-fedora-gcc 1.1.1 718.70 OK
r-devel-windows-x86_64 1.1.1 319.00 545.00 864.00 OK
r-patched-linux-x86_64 1.1.1 98.23 427.78 526.01 OK
r-release-linux-x86_64 1.1.1 102.59 435.04 537.63 OK
r-release-macos-arm64 1.1.1 177.00 NOTE
r-release-macos-x86_64 1.1.1 254.00 NOTE
r-release-windows-x86_64 1.1.1 133.00 528.00 661.00 OK
r-oldrel-macos-arm64 1.1.1 183.00 NOTE
r-oldrel-macos-x86_64 1.1.1 264.00 NOTE
r-oldrel-windows-ix86+x86_64 1.1.1 251.00 744.00 995.00 NOTE

Check Details

Version: 1.1.1
Check: installed package size
Result: NOTE
     installed size is 8.5Mb
     sub-directories of 1Mb or more:
     data 1.1Mb
     libs 6.0Mb
Flavors: r-release-macos-arm64, r-release-macos-x86_64, r-oldrel-macos-arm64, r-oldrel-macos-x86_64, r-oldrel-windows-ix86+x86_64