CRAN Package Check Results for Package Rpoet

Last updated on 2022-10-01 07:08:08 CEST.

Flavor Version Tinstall Tcheck Ttotal Status Flags
r-devel-linux-x86_64-debian-clang 1.1.0 2.11 25.66 27.77 NOTE
r-devel-linux-x86_64-debian-gcc 1.1.0 1.44 20.17 21.61 NOTE
r-devel-linux-x86_64-fedora-clang 1.1.0 47.71 NOTE
r-devel-linux-x86_64-fedora-gcc 1.1.0 45.20 NOTE
r-devel-windows-x86_64 1.1.0 14.00 55.00 69.00 NOTE
r-patched-linux-x86_64 1.1.0 1.95 24.82 26.77 NOTE
r-release-linux-x86_64 1.1.0 1.88 24.27 26.15 NOTE
r-release-macos-arm64 1.1.0 16.00 NOTE
r-release-macos-x86_64 1.1.0 22.00 NOTE
r-release-windows-x86_64 1.1.0 10.00 50.00 60.00 NOTE
r-oldrel-macos-arm64 1.1.0 17.00 NOTE
r-oldrel-macos-x86_64 1.1.0 27.00 NOTE
r-oldrel-windows-ix86+x86_64 1.1.0 5.00 51.00 56.00 NOTE

Check Details

Version: 1.1.0
Check: LazyData
Result: NOTE
     'LazyData' is specified without a 'data' directory
Flavors: r-devel-linux-x86_64-debian-clang, r-devel-linux-x86_64-debian-gcc, r-devel-linux-x86_64-fedora-clang, r-devel-linux-x86_64-fedora-gcc, r-devel-windows-x86_64, r-patched-linux-x86_64, r-release-linux-x86_64, r-release-macos-arm64, r-release-macos-x86_64, r-release-windows-x86_64, r-oldrel-macos-arm64, r-oldrel-macos-x86_64, r-oldrel-windows-ix86+x86_64