CRAN Package Check Results for Package Rook

Last updated on 2020-12-04 19:48:40 CET.

Flavor Version Tinstall Tcheck Ttotal Status Flags
r-devel-linux-x86_64-debian-clang 1.1-1 6.73 32.87 39.60 OK
r-devel-linux-x86_64-debian-gcc 1.1-1 4.65 27.13 31.78 OK
r-devel-linux-x86_64-fedora-clang 1.1-1 56.37 NOTE
r-devel-linux-x86_64-fedora-gcc 1.1-1 45.35 NOTE
r-devel-windows-ix86+x86_64 1.1-1 12.00 55.00 67.00 OK
r-patched-linux-x86_64 1.1-1 5.29 31.42 36.71 OK
r-patched-solaris-x86 1.1-1 66.60 OK
r-release-linux-x86_64 1.1-1 5.48 32.53 38.01 OK
r-release-macos-x86_64 1.1-1 OK
r-release-windows-ix86+x86_64 1.1-1 10.00 56.00 66.00 OK
r-oldrel-macos-x86_64 1.1-1 OK
r-oldrel-windows-ix86+x86_64 1.1-1 11.00 65.00 76.00 OK

Additional issues

rchk

Check Details

Version: 1.1-1
Check: compiled code
Result: NOTE
    File ‘Rook/libs/Rook.so’:
     Found no call to: ‘R_useDynamicSymbols’
    
    It is good practice to register native routines and to disable symbol
    search.
    
    See ‘Writing portable packages’ in the ‘Writing R Extensions’ manual.
Flavors: r-devel-linux-x86_64-fedora-clang, r-devel-linux-x86_64-fedora-gcc