CRAN Package Check Results for Package RonFHIR

Last updated on 2022-10-01 07:08:08 CEST.

Flavor Version Tinstall Tcheck Ttotal Status Flags
r-devel-linux-x86_64-debian-clang 0.4.0 6.09 28.75 34.84 NOTE
r-devel-linux-x86_64-debian-gcc 0.4.0 3.11 22.48 25.59 NOTE
r-devel-linux-x86_64-fedora-clang 0.4.0 56.06 NOTE
r-devel-linux-x86_64-fedora-gcc 0.4.0 52.93 NOTE
r-devel-windows-x86_64 0.4.0 11.00 54.00 65.00 NOTE
r-patched-linux-x86_64 0.4.0 5.57 27.95 33.52 NOTE
r-release-linux-x86_64 0.4.0 5.20 27.43 32.63 NOTE
r-release-macos-arm64 0.4.0 16.00 NOTE
r-release-macos-x86_64 0.4.0 25.00 NOTE
r-release-windows-x86_64 0.4.0 14.00 53.00 67.00 NOTE
r-oldrel-macos-arm64 0.4.0 21.00 NOTE
r-oldrel-macos-x86_64 0.4.0 28.00 NOTE
r-oldrel-windows-ix86+x86_64 0.4.0 10.00 51.00 61.00 NOTE

Check Details

Version: 0.4.0
Check: LazyData
Result: NOTE
     'LazyData' is specified without a 'data' directory
Flavors: r-devel-linux-x86_64-debian-clang, r-devel-linux-x86_64-debian-gcc, r-devel-linux-x86_64-fedora-clang, r-devel-linux-x86_64-fedora-gcc, r-devel-windows-x86_64, r-patched-linux-x86_64, r-release-linux-x86_64, r-release-macos-arm64, r-release-macos-x86_64, r-release-windows-x86_64, r-oldrel-macos-arm64, r-oldrel-macos-x86_64, r-oldrel-windows-ix86+x86_64