CRAN Package Check Results for Package Rogue

Last updated on 2022-10-02 12:56:04 CEST.

Flavor Version Tinstall Tcheck Ttotal Status Flags
r-devel-linux-x86_64-debian-clang 2.1.3 18.49 163.04 181.53 OK
r-devel-linux-x86_64-debian-gcc 2.1.3 16.39 120.81 137.20 OK
r-devel-linux-x86_64-fedora-clang 2.1.3 243.05 OK
r-devel-linux-x86_64-fedora-gcc 2.1.3 226.51 OK
r-devel-windows-x86_64 2.1.3 32.00 195.00 227.00 OK
r-patched-linux-x86_64 2.1.3 17.82 151.28 169.10 OK
r-release-linux-x86_64 2.1.3 12.59 147.00 159.59 OK
r-release-macos-arm64 2.1.3 75.00 OK
r-release-macos-x86_64 2.1.3 96.00 OK
r-release-windows-x86_64 2.1.3 39.00 212.00 251.00 ERROR
r-oldrel-macos-arm64 2.1.3 79.00 OK
r-oldrel-macos-x86_64 2.1.3 101.00 OK
r-oldrel-windows-ix86+x86_64 2.1.3 52.00 294.00 346.00 OK

Check Details

Version: 2.1.3
Check: re-building of vignette outputs
Result: ERROR
    Error(s) in re-building vignettes:
    --- re-building 'Bayesian.Rmd' using rmarkdown
    Loading required package: ape
    Could not fetch https://info.orcid.org/wp-content/uploads/2020/12/orcid_16x16.gif
    HttpExceptionRequest Request {
     host = "info.orcid.org"
     port = 443
     secure = True
     requestHeaders = []
     path = "/wp-content/uploads/2020/12/orcid_16x16.gif"
     queryString = ""
     method = "GET"
     proxy = Nothing
     rawBody = False
     redirectCount = 10
     responseTimeout = ResponseTimeoutDefault
     requestVersion = HTTP/1.1
    }
     (ConnectionFailure user error (Network.Socket.gai_strerror not supported: 11001))
    Error: processing vignette 'Bayesian.Rmd' failed with diagnostics:
    pandoc document conversion failed with error 61
    --- failed re-building 'Bayesian.Rmd'
    
    SUMMARY: processing the following file failed:
     'Bayesian.Rmd'
    
    Error: Vignette re-building failed.
    Execution halted
Flavor: r-release-windows-x86_64