CRAN Package Check Results for Package RobustCalibration

Last updated on 2022-09-29 21:49:17 CEST.

Flavor Version Tinstall Tcheck Ttotal Status Flags
r-devel-linux-x86_64-debian-clang 0.5.3 60.93 93.83 154.76 OK
r-devel-linux-x86_64-debian-gcc 0.5.3 45.73 68.95 114.68 OK
r-devel-linux-x86_64-fedora-clang 0.5.3 210.41 OK
r-devel-linux-x86_64-fedora-gcc 0.5.3 209.35 OK
r-devel-windows-x86_64 0.5.3 238.00 144.00 382.00 OK
r-patched-linux-x86_64 0.5.3 44.83 88.91 133.74 OK
r-release-linux-x86_64 0.5.3 39.30 89.38 128.68 OK
r-release-macos-arm64 0.5.3 54.00 NOTE
r-release-macos-x86_64 0.5.3 73.00 NOTE
r-release-windows-x86_64 0.5.3 159.00 141.00 300.00 OK
r-oldrel-macos-arm64 0.5.3 54.00 NOTE
r-oldrel-macos-x86_64 0.5.3 78.00 NOTE
r-oldrel-windows-ix86+x86_64 0.5.3 128.00 176.00 304.00 OK

Check Details

Version: 0.5.3
Check: installed package size
Result: NOTE
     installed size is 19.5Mb
     sub-directories of 1Mb or more:
     libs 18.9Mb
Flavors: r-release-macos-arm64, r-release-macos-x86_64, r-oldrel-macos-arm64, r-oldrel-macos-x86_64