CRAN Package Check Results for Package RobStatTM

Last updated on 2020-05-28 07:48:06 CEST.

Flavor Version Tinstall Tcheck Ttotal Status Flags
r-devel-linux-x86_64-debian-clang 1.0.2 15.92 78.36 94.28 OK
r-devel-linux-x86_64-debian-gcc 1.0.2 11.79 59.05 70.84 OK
r-devel-linux-x86_64-fedora-clang 1.0.2 117.50 NOTE
r-devel-linux-x86_64-fedora-gcc 1.0.2 113.68 NOTE
r-devel-windows-ix86+x86_64 1.0.2 43.00 151.00 194.00 OK
r-patched-linux-x86_64 1.0.2 14.04 77.59 91.63 OK
r-patched-solaris-x86 1.0.2 142.10 ERROR
r-release-linux-x86_64 1.0.2 15.38 77.81 93.19 OK
r-release-osx-x86_64 1.0.2 NOTE
r-release-windows-ix86+x86_64 1.0.2 28.00 106.00 134.00 OK
r-oldrel-osx-x86_64 1.0.2 NOTE
r-oldrel-windows-ix86+x86_64 1.0.2 28.00 109.00 137.00 OK

Check Details

Version: 1.0.2
Check: dependencies in R code
Result: NOTE
    Namespaces in Imports field not imported from:
     ‘DEoptimR’ ‘DT’ ‘PerformanceAnalytics’ ‘ggplot2’ ‘graphics’
     ‘gridExtra’ ‘methods’ ‘shinyjs’ ‘utils’ ‘xts’
     All declared Imports should be used.
Flavors: r-devel-linux-x86_64-fedora-clang, r-devel-linux-x86_64-fedora-gcc, r-patched-solaris-x86, r-release-osx-x86_64, r-oldrel-osx-x86_64

Version: 1.0.2
Check: examples
Result: ERROR
    Running examples in ‘RobStatTM-Ex.R’ failed
    The error most likely occurred in:
    
    > ### Name: lmrobdet.control
    > ### Title: Tuning parameters for lmrobdetMM and lmrobdetDCML
    > ### Aliases: lmrobdet.control
    >
    > ### ** Examples
    >
    > data(coleman, package='robustbase')
    > m2 <- lmrobdetMM(Y ~ ., data=coleman, control=lmrobdet.control(refine.PY=50))
    
     *** caught segfault ***
    address 0, cause 'memory not mapped'
    
    Traceback:
     1: pyinit::pyinit(x = X, y = y, intercept = FALSE, delta = dee, cc = 1.54764, psc_keep = control$psc_keep * (1 - (p/n)), resid_keep_method = control$resid_keep_method, resid_keep_thresh = control$resid_keep_thresh, resid_keep_prop = control$resid_keep_prop, maxit = control$py_maxit, eps = control$py_eps, mscale_maxit = control$mscale_maxit, mscale_tol = control$mscale_tol, mscale_rho_fun = "bisquare")
     2: MMPY(X = x, y = y, control = control, mf = mf)
     3: lmrobdetMM(Y ~ ., data = coleman, control = lmrobdet.control(refine.PY = 50))
    An irrecoverable exception occurred. R is aborting now ...
Flavor: r-patched-solaris-x86