CRAN Package Check Results for Package RobMixReg

Last updated on 2020-11-01 01:47:31 CET.

Flavor Version Tinstall Tcheck Ttotal Status Flags
r-devel-linux-x86_64-debian-clang 1.1.0 10.89 85.65 96.54 OK
r-devel-linux-x86_64-debian-gcc 1.1.0 8.31 64.43 72.74 OK
r-devel-linux-x86_64-fedora-clang 1.1.0 124.64 NOTE
r-devel-linux-x86_64-fedora-gcc 1.1.0 122.21 NOTE
r-devel-windows-ix86+x86_64 1.1.0 23.00 104.00 127.00 OK
r-patched-linux-x86_64 1.1.0 10.71 79.77 90.48 OK
r-patched-solaris-x86 1.1.0 155.20 NOTE
r-release-linux-x86_64 1.1.0 9.89 79.75 89.64 OK
r-release-macos-x86_64 1.1.0 NOTE
r-release-windows-ix86+x86_64 1.1.0 18.00 91.00 109.00 OK
r-oldrel-macos-x86_64 1.1.0 NOTE
r-oldrel-windows-ix86+x86_64 1.1.0 20.00 77.00 97.00 OK

Check Details

Version: 1.1.0
Check: dependencies in R code
Result: NOTE
    Namespace in Imports field not imported from: ‘glmnet’
     All declared Imports should be used.
Flavors: r-devel-linux-x86_64-fedora-clang, r-devel-linux-x86_64-fedora-gcc, r-patched-solaris-x86, r-release-macos-x86_64, r-oldrel-macos-x86_64