Last updated on 2022-08-18 00:54:25 CEST.
Flavor | Version | Tinstall | Tcheck | Ttotal | Status | Flags |
---|---|---|---|---|---|---|
r-devel-linux-x86_64-debian-clang | 2.3.1 | 30.73 | 115.60 | 146.33 | OK | |
r-devel-linux-x86_64-debian-gcc | 2.3.1 | OK | ||||
r-devel-linux-x86_64-fedora-clang | 2.3.1 | 209.13 | NOTE | |||
r-devel-linux-x86_64-fedora-gcc | 2.3.1 | 256.83 | NOTE | |||
r-devel-windows-x86_64 | 2.3.1 | 66.00 | 268.00 | 334.00 | OK | |
r-patched-linux-x86_64 | 2.3.1 | 25.04 | 108.57 | 133.61 | OK | |
r-release-linux-x86_64 | 2.3.1 | 25.64 | 109.54 | 135.18 | OK | |
r-release-macos-arm64 | 2.3.1 | 113.00 | NOTE | |||
r-release-macos-x86_64 | 2.3.1 | 148.00 | NOTE | |||
r-release-windows-x86_64 | 2.3.1 | 98.00 | 255.00 | 353.00 | OK | |
r-oldrel-macos-arm64 | 2.3.1 | 114.00 | NOTE | |||
r-oldrel-macos-x86_64 | 2.3.1 | 153.00 | NOTE | |||
r-oldrel-windows-ix86+x86_64 | 2.3.1 | 70.00 | 402.00 | 472.00 | OK |
Version: 2.3.1
Check: dependencies in R code
Result: NOTE
Namespaces in Imports field not imported from:
‘Rdpack’ ‘bridgesampling’ ‘extraDistr’ ‘psych’ ‘runjags’
All declared Imports should be used.
Flavors: r-devel-linux-x86_64-fedora-clang, r-devel-linux-x86_64-fedora-gcc, r-release-macos-arm64, r-release-macos-x86_64, r-oldrel-macos-arm64, r-oldrel-macos-x86_64
Version: 2.3.1
Check: Rd cross-references
Result: NOTE
Undeclared package ‘metafor’ in Rd xrefs
Flavor: r-devel-linux-x86_64-fedora-clang