CRAN Package Check Results for Package Rnightly

Last updated on 2022-10-03 18:52:18 CEST.

Flavor Version Tinstall Tcheck Ttotal Status Flags
r-devel-linux-x86_64-debian-clang 0.1.0 1.92 22.00 23.92 NOTE
r-devel-linux-x86_64-debian-gcc 0.1.0 1.68 17.40 19.08 NOTE
r-devel-linux-x86_64-fedora-clang 0.1.0 42.78 NOTE
r-devel-linux-x86_64-fedora-gcc 0.1.0 41.01 NOTE
r-devel-windows-x86_64 0.1.0 15.00 54.00 69.00 NOTE
r-patched-linux-x86_64 0.1.0 1.89 21.27 23.16 NOTE
r-release-linux-x86_64 0.1.0 2.14 20.82 22.96 NOTE
r-release-macos-arm64 0.1.0 15.00 NOTE
r-release-macos-x86_64 0.1.0 21.00 NOTE
r-release-windows-x86_64 0.1.0 10.00 52.00 62.00 NOTE
r-oldrel-macos-arm64 0.1.0 20.00 NOTE
r-oldrel-macos-x86_64 0.1.0 24.00 NOTE
r-oldrel-windows-ix86+x86_64 0.1.0 5.00 46.00 51.00 NOTE

Check Details

Version: 0.1.0
Check: LazyData
Result: NOTE
     'LazyData' is specified without a 'data' directory
Flavors: r-devel-linux-x86_64-debian-clang, r-devel-linux-x86_64-debian-gcc, r-devel-linux-x86_64-fedora-clang, r-devel-linux-x86_64-fedora-gcc, r-devel-windows-x86_64, r-patched-linux-x86_64, r-release-linux-x86_64, r-release-macos-arm64, r-release-macos-x86_64, r-release-windows-x86_64, r-oldrel-macos-arm64, r-oldrel-macos-x86_64, r-oldrel-windows-ix86+x86_64