CRAN Package Check Results for Package Rmosek

Last updated on 2024-06-18 00:57:37 CEST.

Flavor Version Tinstall Tcheck Ttotal Status Flags
r-devel-linux-x86_64-debian-clang 1.3.5 2.13 23.31 25.44 NOTE
r-devel-linux-x86_64-debian-gcc 1.3.5 1.92 18.08 20.00 NOTE
r-devel-linux-x86_64-fedora-clang 1.3.5 32.23 OK
r-devel-linux-x86_64-fedora-gcc 1.3.5 30.92 OK
r-devel-windows-x86_64 1.3.5 3.00 44.00 47.00 OK
r-patched-linux-x86_64 1.3.5 2.32 22.65 24.97 NOTE
r-release-linux-x86_64 1.3.5 2.04 22.36 24.40 NOTE
r-release-macos-arm64 1.3.5 14.00 OK
r-release-macos-x86_64 1.3.5 30.00 OK
r-release-windows-x86_64 1.3.5 2.00 44.00 46.00 OK
r-oldrel-macos-arm64 1.3.5 14.00 OK
r-oldrel-macos-x86_64 1.3.5 22.00 OK
r-oldrel-windows-x86_64 1.3.5 3.00 44.00 47.00 OK

Check Details

Version: 1.3.5
Check: R code for possible problems
Result: NOTE Found the following calls to attach(): File ‘Rmosek/R/builder.R’: attach(builderenv, pos, name, warn.conflicts) See section ‘Good practice’ in ‘?attach’. Flavors: r-devel-linux-x86_64-debian-clang, r-devel-linux-x86_64-debian-gcc, r-patched-linux-x86_64, r-release-linux-x86_64