CRAN Package Check Results for Package Rmosek

Last updated on 2020-05-27 07:51:06 CEST.

Flavor Version Tinstall Tcheck Ttotal Status Flags
r-devel-linux-x86_64-debian-clang 1.3.5 2.09 18.36 20.45 NOTE --no-examples --no-tests --no-vignettes
r-devel-linux-x86_64-debian-gcc 1.3.5 1.68 15.09 16.77 NOTE --no-examples --no-tests --no-vignettes
r-devel-linux-x86_64-fedora-clang 1.3.5 28.64 OK
r-devel-linux-x86_64-fedora-gcc 1.3.5 26.16 OK
r-devel-windows-ix86+x86_64 1.3.5 7.00 45.00 52.00 OK
r-patched-linux-x86_64 1.3.5 1.99 18.74 20.73 NOTE --no-examples --no-tests --no-vignettes
r-release-linux-x86_64 1.3.5 1.94 18.46 20.40 NOTE --no-examples --no-tests --no-vignettes
r-release-osx-x86_64 1.3.5 OK
r-release-windows-ix86+x86_64 1.3.5 6.00 44.00 50.00 OK
r-oldrel-osx-x86_64 1.3.5 OK
r-oldrel-windows-ix86+x86_64 1.3.5 7.00 32.00 39.00 OK

Check Details

Version: 1.3.5
Flags: --no-examples --no-tests --no-vignettes
Check: R code for possible problems
Result: NOTE
    Found the following calls to attach():
    File 'Rmosek/R/builder.R':
     attach(builderenv, pos, name, warn.conflicts)
    See section 'Good practice' in '?attach'.
Flavors: r-devel-linux-x86_64-debian-clang, r-devel-linux-x86_64-debian-gcc, r-patched-linux-x86_64, r-release-linux-x86_64