Last updated on 2025-01-23 12:55:12 CET.
Flavor | Version | Tinstall | Tcheck | Ttotal | Status | Flags |
---|---|---|---|---|---|---|
r-devel-linux-x86_64-debian-clang | 1.3.5 | 1.64 | 17.93 | 19.57 | NOTE | |
r-devel-linux-x86_64-debian-gcc | 1.3.5 | 1.48 | 14.66 | 16.14 | NOTE | |
r-devel-linux-x86_64-fedora-clang | 1.3.5 | 33.81 | OK | |||
r-devel-linux-x86_64-fedora-gcc | 1.3.5 | 30.84 | OK | |||
r-devel-windows-x86_64 | 1.3.5 | 3.00 | 46.00 | 49.00 | OK | |
r-patched-linux-x86_64 | 1.3.5 | 1.65 | 17.18 | 18.83 | NOTE | |
r-release-linux-x86_64 | 1.3.5 | 1.63 | 17.34 | 18.97 | NOTE | |
r-release-macos-arm64 | 1.3.5 | 14.00 | OK | |||
r-release-macos-x86_64 | 1.3.5 | 30.00 | OK | |||
r-release-windows-x86_64 | 1.3.5 | 3.00 | 44.00 | 47.00 | OK | |
r-oldrel-macos-arm64 | 1.3.5 | 14.00 | OK | |||
r-oldrel-macos-x86_64 | 1.3.5 | 22.00 | OK | |||
r-oldrel-windows-x86_64 | 1.3.5 | 3.00 | 47.00 | 50.00 | OK |
Version: 1.3.5
Check: R code for possible problems
Result: NOTE
Found the following calls to attach():
File ‘Rmosek/R/builder.R’:
attach(builderenv, pos, name, warn.conflicts)
See section ‘Good practice’ in ‘?attach’.
Flavors: r-devel-linux-x86_64-debian-clang, r-devel-linux-x86_64-debian-gcc, r-patched-linux-x86_64, r-release-linux-x86_64