CRAN Package Check Results for Package Rmixmod

Last updated on 2022-09-26 12:53:32 CEST.

Flavor Version Tinstall Tcheck Ttotal Status Flags
r-devel-linux-x86_64-debian-clang 2.1.6 516.67 70.77 587.44 WARN
r-devel-linux-x86_64-debian-gcc 2.1.6 472.69 76.83 549.52 OK
r-devel-linux-x86_64-fedora-clang 2.1.6 992.13 WARN
r-devel-linux-x86_64-fedora-gcc 2.1.6 874.73 OK
r-devel-windows-x86_64 2.1.6 562.00 165.00 727.00 OK
r-patched-linux-x86_64 2.1.6 487.15 97.41 584.56 OK
r-release-linux-x86_64 2.1.6 492.95 95.22 588.17 OK
r-release-macos-arm64 2.1.6 184.00 NOTE
r-release-macos-x86_64 2.1.6 269.00 NOTE
r-release-windows-x86_64 2.1.6 517.00 162.00 679.00 OK
r-oldrel-macos-arm64 2.1.6 274.00 NOTE
r-oldrel-macos-x86_64 2.1.6 265.00 NOTE
r-oldrel-windows-ix86+x86_64 2.1.6 1374.00 204.00 1578.00 OK

Additional issues

clang14

Check Details

Version: 2.1.6
Check: whether package can be installed
Result: WARN
    Found the following significant warnings:
     ClusteringInputHandling.cpp:61:12: warning: use of bitwise '&' with boolean operands [-Wbitwise-instead-of-logical]
     ClusteringInputHandling.cpp:72:12: warning: use of bitwise '&' with boolean operands [-Wbitwise-instead-of-logical]
Flavors: r-devel-linux-x86_64-debian-clang, r-devel-linux-x86_64-fedora-clang

Version: 2.1.6
Check: installed package size
Result: NOTE
     installed size is 41.9Mb
     sub-directories of 1Mb or more:
     libs 41.1Mb
Flavors: r-release-macos-arm64, r-release-macos-x86_64, r-oldrel-macos-arm64, r-oldrel-macos-x86_64