Last updated on 2022-08-12 06:49:30 CEST.
Flavor | Version | Tinstall | Tcheck | Ttotal | Status | Flags |
---|---|---|---|---|---|---|
r-devel-linux-x86_64-debian-clang | 0.3.2 | 312.38 | 81.72 | 394.10 | OK | |
r-devel-linux-x86_64-debian-gcc | 0.3.2 | 252.37 | 61.92 | 314.29 | OK | |
r-devel-linux-x86_64-fedora-clang | 0.3.2 | 609.46 | NOTE | |||
r-devel-linux-x86_64-fedora-gcc | 0.3.2 | 516.69 | OK | |||
r-devel-windows-x86_64 | 0.3.2 | 218.00 | 131.00 | 349.00 | OK | |
r-patched-linux-x86_64 | 0.3.2 | 252.84 | 77.02 | 329.86 | OK | |
r-release-linux-x86_64 | 0.3.2 | 250.76 | 77.27 | 328.03 | OK | |
r-release-macos-arm64 | 0.3.2 | 119.00 | NOTE | |||
r-release-macos-x86_64 | 0.3.2 | 151.00 | NOTE | |||
r-release-windows-x86_64 | 0.3.2 | 216.00 | 126.00 | 342.00 | OK | |
r-oldrel-macos-arm64 | 0.3.2 | 132.00 | NOTE | |||
r-oldrel-macos-x86_64 | 0.3.2 | 162.00 | NOTE | |||
r-oldrel-windows-ix86+x86_64 | 0.3.2 | 674.00 | 141.00 | 815.00 | OK |
Version: 0.3.2
Check: installed package size
Result: NOTE
installed size is 14.9Mb
sub-directories of 1Mb or more:
libs 14.7Mb
Flavors: r-devel-linux-x86_64-fedora-clang, r-release-macos-arm64, r-release-macos-x86_64, r-oldrel-macos-arm64, r-oldrel-macos-x86_64