CRAN Package Check Results for Package Rlgt

Last updated on 2022-09-27 00:51:13 CEST.

Flavor Version Tinstall Tcheck Ttotal Status Flags
r-devel-linux-x86_64-debian-clang 0.1-4 404.51 148.45 552.96 NOTE
r-devel-linux-x86_64-debian-gcc 0.1-4 353.54 123.82 477.36 NOTE
r-devel-linux-x86_64-fedora-clang 0.1-4 649.19 NOTE
r-devel-linux-x86_64-fedora-gcc 0.1-4 793.25 NOTE
r-devel-windows-x86_64 0.1-4 251.00 224.00 475.00 NOTE
r-patched-linux-x86_64 0.1-4 307.51 155.23 462.74 NOTE
r-release-linux-x86_64 0.1-4 267.48 155.83 423.31 NOTE
r-release-macos-arm64 0.1-4 210.00 NOTE
r-release-macos-x86_64 0.1-4 266.00 NOTE
r-release-windows-x86_64 0.1-4 241.00 228.00 469.00 NOTE
r-oldrel-macos-arm64 0.1-4 200.00 NOTE
r-oldrel-macos-x86_64 0.1-4 273.00 NOTE
r-oldrel-windows-ix86+x86_64 0.1-4 428.00 195.00 623.00 NOTE

Check Details

Version: 0.1-4
Check: for GNU extensions in Makefiles
Result: NOTE
    GNU make is a SystemRequirements.
Flavors: r-devel-linux-x86_64-debian-clang, r-devel-linux-x86_64-debian-gcc, r-devel-linux-x86_64-fedora-clang, r-devel-linux-x86_64-fedora-gcc, r-devel-windows-x86_64, r-patched-linux-x86_64, r-release-linux-x86_64, r-release-macos-arm64, r-release-macos-x86_64, r-release-windows-x86_64, r-oldrel-macos-arm64, r-oldrel-macos-x86_64, r-oldrel-windows-ix86+x86_64

Version: 0.1-4
Check: installed package size
Result: NOTE
     installed size is 5.0Mb
     sub-directories of 1Mb or more:
     libs 4.3Mb
Flavors: r-devel-linux-x86_64-fedora-clang, r-release-macos-arm64, r-release-macos-x86_64, r-oldrel-macos-arm64, r-oldrel-macos-x86_64