CRAN Package Check Results for Package RgoogleMaps

Last updated on 2022-08-18 21:49:58 CEST.

Flavor Version Tinstall Tcheck Ttotal Status Flags
r-devel-linux-x86_64-debian-clang 1.4.5.3 5.44 52.11 57.55 NOTE
r-devel-linux-x86_64-debian-gcc 1.4.5.3 4.50 40.31 44.81 NOTE
r-devel-linux-x86_64-fedora-clang 1.4.5.3 81.34 NOTE
r-devel-linux-x86_64-fedora-gcc 1.4.5.3 77.58 NOTE
r-devel-windows-x86_64 1.4.5.3 34.00 84.00 118.00 NOTE
r-patched-linux-x86_64 1.4.5.3 8.68 49.66 58.34 OK
r-release-linux-x86_64 1.4.5.3 OK
r-release-macos-arm64 1.4.5.3 26.00 OK
r-release-macos-x86_64 1.4.5.3 42.00 OK
r-release-windows-x86_64 1.4.5.3 38.00 90.00 128.00 OK
r-oldrel-macos-arm64 1.4.5.3 30.00 OK
r-oldrel-macos-x86_64 1.4.5.3 42.00 OK
r-oldrel-windows-ix86+x86_64 1.4.5.3 11.00 76.00 87.00 OK

Check Details

Version: 1.4.5.3
Check: Rd files
Result: NOTE
    checkRd: (-1) columbus.Rd:24: Escaped LaTeX specials: \_
    checkRd: (-1) columbus.Rd:25: Escaped LaTeX specials: \_
    checkRd: (-1) columbus.Rd:29: Escaped LaTeX specials: \$
    checkRd: (-1) columbus.Rd:30: Escaped LaTeX specials: \$
Flavors: r-devel-linux-x86_64-debian-clang, r-devel-linux-x86_64-debian-gcc, r-devel-linux-x86_64-fedora-clang, r-devel-linux-x86_64-fedora-gcc, r-devel-windows-x86_64