CRAN Package Check Results for Package Rglpk

Last updated on 2022-09-27 00:51:13 CEST.

Flavor Version Tinstall Tcheck Ttotal Status Flags
r-devel-linux-x86_64-debian-clang 0.6-4 4.46 26.86 31.32 NOTE
r-devel-linux-x86_64-debian-gcc 0.6-4 3.10 21.09 24.19 NOTE
r-devel-linux-x86_64-fedora-clang 0.6-4 53.37 NOTE
r-devel-linux-x86_64-fedora-gcc 0.6-4 51.49 NOTE
r-devel-windows-x86_64 0.6-4 20.00 56.00 76.00 NOTE
r-patched-linux-x86_64 0.6-4 3.92 25.69 29.61 OK
r-release-linux-x86_64 0.6-4 3.49 25.39 28.88 OK
r-release-macos-arm64 0.6-4 19.00 OK
r-release-macos-x86_64 0.6-4 24.00 OK
r-release-windows-x86_64 0.6-4 11.00 53.00 64.00 OK
r-oldrel-macos-arm64 0.6-4 25.00 NOTE
r-oldrel-macos-x86_64 0.6-4 26.00 OK
r-oldrel-windows-ix86+x86_64 0.6-4 12.00 54.00 66.00 OK

Check Details

Version: 0.6-4
Check: Rd files
Result: NOTE
    checkRd: (-1) Rglpk_read_file.Rd:6: Escaped LaTeX specials: \_
Flavors: r-devel-linux-x86_64-debian-clang, r-devel-linux-x86_64-debian-gcc, r-devel-linux-x86_64-fedora-clang, r-devel-linux-x86_64-fedora-gcc, r-devel-windows-x86_64

Version: 0.6-4
Check: Rd cross-references
Result: NOTE
    Undeclared packages ‘lpSolve’, ‘ROI’, ‘Rsymphony’ in Rd xrefs
Flavor: r-devel-linux-x86_64-fedora-clang

Version: 0.6-4
Check: Rd cross-references
Result: NOTE
    Package unavailable to check Rd xrefs: ‘Rsymphony’
Flavor: r-oldrel-macos-arm64