Last updated on 2022-08-17 06:51:26 CEST.
Flavor | Version | Tinstall | Tcheck | Ttotal | Status | Flags |
---|---|---|---|---|---|---|
r-devel-linux-x86_64-debian-clang | 2.0.1 | 118.73 | 174.02 | 292.75 | OK | |
r-devel-linux-x86_64-debian-gcc | 2.0.1 | OK | ||||
r-devel-linux-x86_64-fedora-clang | 2.0.1 | 390.86 | NOTE | |||
r-devel-linux-x86_64-fedora-gcc | 2.0.1 | 367.37 | NOTE | |||
r-devel-windows-x86_64 | 2.0.1 | 109.00 | 205.00 | 314.00 | OK | |
r-patched-linux-x86_64 | 2.0.1 | 103.28 | 162.35 | 265.63 | OK | |
r-release-linux-x86_64 | 2.0.1 | 103.22 | 161.89 | 265.11 | OK | |
r-release-macos-arm64 | 2.0.1 | 86.00 | NOTE | |||
r-release-macos-x86_64 | 2.0.1 | 147.00 | NOTE | |||
r-release-windows-x86_64 | 2.0.1 | 231.00 | 215.00 | 446.00 | OK | |
r-oldrel-macos-arm64 | 2.0.1 | 82.00 | NOTE | |||
r-oldrel-macos-x86_64 | 2.0.1 | 115.00 | NOTE | |||
r-oldrel-windows-ix86+x86_64 | 2.0.1 | 288.00 | 250.00 | 538.00 | OK |
Version: 2.0.1
Check: dependencies in R code
Result: NOTE
Namespace in Imports field not imported from: ‘markdown’
All declared Imports should be used.
Flavors: r-devel-linux-x86_64-fedora-clang, r-devel-linux-x86_64-fedora-gcc, r-release-macos-arm64, r-release-macos-x86_64, r-oldrel-macos-arm64, r-oldrel-macos-x86_64
Version: 2.0.1
Check: installed package size
Result: NOTE
installed size is 6.5Mb
sub-directories of 1Mb or more:
libs 6.0Mb
Flavors: r-release-macos-arm64, r-release-macos-x86_64, r-oldrel-macos-arm64, r-oldrel-macos-x86_64