CRAN Package Check Results for Package Rforestry

Last updated on 2022-10-06 12:55:36 CEST.

Flavor Version Tinstall Tcheck Ttotal Status Flags
r-devel-linux-x86_64-debian-clang 0.9.0.116 151.79 365.80 517.59 OK
r-devel-linux-x86_64-debian-gcc 0.9.0.116 121.24 269.93 391.17 OK
r-devel-linux-x86_64-fedora-clang 0.9.0.116 666.14 OK
r-devel-linux-x86_64-fedora-gcc 0.9.0.116 674.74 OK
r-devel-windows-x86_64 0.9.0.116 152.00 256.00 408.00 OK
r-patched-linux-x86_64 0.9.0.116 142.52 342.04 484.56 OK
r-release-linux-x86_64 0.9.0.116 128.85 343.18 472.03 OK
r-release-macos-arm64 0.9.0.116 137.00 NOTE
r-release-macos-x86_64 0.9.0.116 204.00 NOTE
r-release-windows-x86_64 0.9.0.116 138.00 249.00 387.00 OK
r-oldrel-macos-arm64 0.9.0.116 127.00 NOTE
r-oldrel-macos-x86_64 0.9.0.116 206.00 NOTE
r-oldrel-windows-ix86+x86_64 0.9.0.116 154.00 17.00 171.00 ERROR

Check Details

Version: 0.9.0.116
Check: installed package size
Result: NOTE
     installed size is 9.2Mb
     sub-directories of 1Mb or more:
     libs 9.0Mb
Flavors: r-release-macos-arm64, r-release-macos-x86_64, r-oldrel-macos-arm64, r-oldrel-macos-x86_64

Version: 0.9.0.116
Check: whether package can be installed
Result: ERROR
    Installation failed.
Flavor: r-oldrel-windows-ix86+x86_64