CRAN Package Check Results for Package Rfast2

Last updated on 2020-05-27 07:51:06 CEST.

Flavor Version Tinstall Tcheck Ttotal Status Flags
r-devel-linux-x86_64-debian-clang 0.0.5 418.04 49.28 467.32 OK
r-devel-linux-x86_64-debian-gcc 0.0.5 297.46 38.12 335.58 OK
r-devel-linux-x86_64-fedora-clang 0.0.5 646.73 NOTE
r-devel-linux-x86_64-fedora-gcc 0.0.5 571.93 OK
r-devel-windows-ix86+x86_64 0.0.5 956.00 125.00 1081.00 NOTE
r-patched-linux-x86_64 0.0.5 321.84 49.41 371.25 OK
r-patched-solaris-x86 0.0.5 453.90 OK
r-release-linux-x86_64 0.0.5 321.21 48.95 370.16 OK
r-release-osx-x86_64 0.0.5 NOTE
r-release-windows-ix86+x86_64 0.0.5 672.00 128.00 800.00 NOTE
r-oldrel-osx-x86_64 0.0.5 NOTE
r-oldrel-windows-ix86+x86_64 0.0.5 680.00 100.00 780.00 OK

Check Details

Version: 0.0.5
Check: installed package size
Result: NOTE
     installed size is 25.1Mb
     sub-directories of 1Mb or more:
     libs 24.6Mb
Flavors: r-devel-linux-x86_64-fedora-clang, r-devel-windows-ix86+x86_64, r-release-osx-x86_64, r-release-windows-ix86+x86_64, r-oldrel-osx-x86_64