CRAN Package Check Results for Package Rfast

Last updated on 2022-09-29 06:54:31 CEST.

Flavor Version Tinstall Tcheck Ttotal Status Flags
r-devel-linux-x86_64-debian-clang 2.0.6 1423.61 129.76 1553.37 NOTE
r-devel-linux-x86_64-debian-gcc 2.0.6 1100.27 95.92 1196.19 NOTE
r-devel-linux-x86_64-fedora-clang 2.0.6 2273.63 NOTE
r-devel-linux-x86_64-fedora-gcc 2.0.6 2033.89 NOTE
r-devel-windows-x86_64 2.0.6 976.00 249.00 1225.00 NOTE
r-patched-linux-x86_64 2.0.6 1136.65 123.22 1259.87 OK
r-release-linux-x86_64 2.0.6 1155.46 122.11 1277.57 OK
r-release-macos-arm64 2.0.6 425.00 NOTE
r-release-macos-x86_64 2.0.6 510.00 NOTE
r-release-windows-x86_64 2.0.6 1287.00 251.00 1538.00 NOTE
r-oldrel-macos-arm64 2.0.6 350.00 NOTE
r-oldrel-macos-x86_64 2.0.6 527.00 NOTE
r-oldrel-windows-ix86+x86_64 2.0.6 3269.00 225.00 3494.00 NOTE

Check Details

Version: 2.0.6
Check: Rd files
Result: NOTE
    checkRd: (-1) ancova1.Rd:42: Escaped LaTeX specials: \&
    checkRd: (-1) ancovas.Rd:42: Escaped LaTeX specials: \&
    checkRd: (-1) boot.ttest2.Rd:39: Escaped LaTeX specials: \&
    checkRd: (-1) colnormal.mle.Rd:72: Escaped LaTeX specials: \&
    checkRd: (-1) colnormal.mle.Rd:74: Escaped LaTeX specials: \&
    checkRd: (-1) colnormal.mle.Rd:77: Escaped LaTeX specials: \&
    checkRd: (-1) colrint.regbx.Rd:58: Escaped LaTeX specials: \&
    checkRd: (-1) colvarcomps.mom.Rd:69: Escaped LaTeX specials: \&
    checkRd: (-1) colvarcomps.mom.Rd:74: Escaped LaTeX specials: \&
    checkRd: (-1) ftest.Rd:90: Escaped LaTeX specials: \&
    checkRd: (-1) ftests.Rd:68: Escaped LaTeX specials: \&
    checkRd: (-1) gammamle.Rd:81: Escaped LaTeX specials: \&
    checkRd: (-1) gammamle.Rd:83: Escaped LaTeX specials: \&
    checkRd: (-1) gammamle.Rd:88: Escaped LaTeX specials: \&
    checkRd: (-1) rint.regbx.Rd:65: Escaped LaTeX specials: \&
    checkRd: (-1) rint.regs.Rd:57: Escaped LaTeX specials: \&
    checkRd: (-1) twoway.anovas.Rd:46: Escaped LaTeX specials: \&
    checkRd: (-1) varcomps.mom.Rd:66: Escaped LaTeX specials: \&
    checkRd: (-1) varcomps.mom.Rd:70: Escaped LaTeX specials: \&
    checkRd: (-1) vm.mle.Rd:60: Escaped LaTeX specials: \&
Flavors: r-devel-linux-x86_64-debian-clang, r-devel-linux-x86_64-debian-gcc, r-devel-linux-x86_64-fedora-clang, r-devel-linux-x86_64-fedora-gcc, r-devel-windows-x86_64

Version: 2.0.6
Check: installed package size
Result: NOTE
     installed size is 5.4Mb
     sub-directories of 1Mb or more:
     libs 4.1Mb
Flavors: r-devel-linux-x86_64-fedora-clang, r-devel-windows-x86_64, r-release-macos-arm64, r-release-macos-x86_64, r-release-windows-x86_64, r-oldrel-macos-arm64, r-oldrel-macos-x86_64, r-oldrel-windows-ix86+x86_64