CRAN Package Check Results for Package Revticulate

Last updated on 2024-05-20 21:54:29 CEST.

Flavor Version Tinstall Tcheck Ttotal Status Flags
r-devel-linux-x86_64-debian-clang 1.0.0 5.62 37.30 42.92 NOTE
r-devel-linux-x86_64-debian-gcc 1.0.0 3.84 29.01 32.85 NOTE
r-devel-linux-x86_64-fedora-clang 1.0.0 52.74 NOTE
r-devel-linux-x86_64-fedora-gcc 1.0.0 50.11 NOTE
r-devel-windows-x86_64 1.0.0 5.00 50.00 55.00 NOTE
r-patched-linux-x86_64 1.0.0 5.17 37.43 42.60 NOTE
r-release-linux-x86_64 1.0.0 4.56 37.30 41.86 NOTE
r-release-macos-arm64 1.0.0 17.00 NOTE
r-release-windows-x86_64 1.0.0 5.00 52.00 57.00 NOTE
r-oldrel-macos-arm64 1.0.0 20.00 NOTE
r-oldrel-macos-x86_64 1.0.0 29.00 OK
r-oldrel-windows-x86_64 1.0.0 7.00 57.00 64.00 OK

Check Details

Version: 1.0.0
Check: Rd files
Result: NOTE checkRd: (-1) saveRev.Rd:12: Lost braces; missing escapes or markup? 12 | \item{use_wd}{logical - If TRUE, the history will be prepended by setwd({'users current working directory'}). This function will set the script's working directory to | ^ Flavors: r-devel-linux-x86_64-debian-clang, r-devel-linux-x86_64-debian-gcc, r-devel-linux-x86_64-fedora-clang, r-devel-linux-x86_64-fedora-gcc, r-devel-windows-x86_64, r-patched-linux-x86_64, r-release-linux-x86_64, r-release-macos-arm64, r-release-windows-x86_64

Version: 1.0.0
Check: package dependencies
Result: NOTE Package suggested but not available for checking: ‘RevGadgets’ Flavor: r-oldrel-macos-arm64