Last updated on 2023-09-29 00:56:58 CEST.
Flavor | Version | Tinstall | Tcheck | Ttotal | Status | Flags |
---|---|---|---|---|---|---|
r-devel-linux-x86_64-debian-clang | 1.1.1 | 15.41 | 162.77 | 178.18 | OK | |
r-devel-linux-x86_64-debian-gcc | 1.1.1 | 11.08 | 115.84 | 126.92 | OK | |
r-devel-linux-x86_64-fedora-clang | 1.1.1 | 227.52 | OK | |||
r-devel-linux-x86_64-fedora-gcc | 1.1.1 | 226.65 | OK | |||
r-devel-windows-x86_64 | 1.1.1 | 13.00 | 139.00 | 152.00 | OK | |
r-patched-linux-x86_64 | 1.1.1 | 10.08 | 154.09 | 164.17 | OK | |
r-release-linux-x86_64 | 1.1.1 | 9.09 | 158.65 | 167.74 | OK | |
r-release-macos-arm64 | 1.1.1 | 63.00 | OK | |||
r-release-macos-x86_64 | 1.1.1 | 116.00 | OK | |||
r-release-windows-x86_64 | 1.1.1 | 19.00 | 181.00 | 200.00 | OK | |
r-oldrel-macos-arm64 | 1.1.1 | 8.00 | ERROR | |||
r-oldrel-macos-x86_64 | 1.1.1 | 11.00 | ERROR | |||
r-oldrel-windows-x86_64 | 1.1.1 | 18.00 | 172.00 | 190.00 | OK |
Version: 1.1.1
Check: package dependencies
Result: ERROR
Package required and available but unsuitable version: ‘ggtree’
See section ‘The DESCRIPTION file’ in the ‘Writing R Extensions’
manual.
Flavors: r-oldrel-macos-arm64, r-oldrel-macos-x86_64