CRAN Package Check Results for Package RestRserve

Last updated on 2022-09-30 00:49:25 CEST.

Flavor Version Tinstall Tcheck Ttotal Status Flags
r-devel-linux-x86_64-debian-clang 1.2.1 65.25 60.25 125.50 OK
r-devel-linux-x86_64-debian-gcc 1.2.1 54.36 46.60 100.96 OK
r-devel-linux-x86_64-fedora-clang 1.2.1 193.30 OK
r-devel-linux-x86_64-fedora-gcc 1.2.1 180.28 OK
r-devel-windows-x86_64 1.2.1 128.00 140.00 268.00 OK
r-patched-linux-x86_64 1.2.1 62.74 55.35 118.09 OK
r-release-linux-x86_64 1.2.1 61.44 54.75 116.19 OK
r-release-macos-arm64 1.2.1 54.00 NOTE
r-release-macos-x86_64 1.2.1 66.00 NOTE
r-release-windows-x86_64 1.2.1 148.00 132.00 280.00 OK
r-oldrel-macos-arm64 1.2.1 54.00 NOTE
r-oldrel-macos-x86_64 1.2.1 78.00 NOTE
r-oldrel-windows-ix86+x86_64 1.2.1 144.00 128.00 272.00 NOTE

Check Details

Version: 1.2.1
Check: installed package size
Result: NOTE
     installed size is 6.4Mb
     sub-directories of 1Mb or more:
     libs 3.4Mb
     swagger 1.4Mb
Flavors: r-release-macos-arm64, r-release-macos-x86_64, r-oldrel-macos-arm64, r-oldrel-macos-x86_64, r-oldrel-windows-ix86+x86_64