Last updated on 2023-01-31 19:07:34 CET.
Flavor | Version | Tinstall | Tcheck | Ttotal | Status | Flags |
---|---|---|---|---|---|---|
r-devel-linux-x86_64-debian-clang | 1.4.3.1 | 12.92 | 82.55 | 95.47 | NOTE | |
r-devel-linux-x86_64-debian-gcc | 1.4.3.1 | 10.27 | 61.01 | 71.28 | NOTE | |
r-devel-linux-x86_64-fedora-clang | 1.4.3.1 | 117.45 | NOTE | |||
r-devel-linux-x86_64-fedora-gcc | 1.4.3.1 | 130.81 | NOTE | |||
r-devel-windows-x86_64 | 1.4.3.1 | 45.00 | 161.00 | 206.00 | NOTE | |
r-patched-linux-x86_64 | 1.4.3.1 | 12.86 | 77.36 | 90.22 | NOTE | |
r-release-linux-x86_64 | 1.4.3.1 | 10.21 | 76.98 | 87.19 | NOTE | |
r-release-macos-arm64 | 1.4.3.1 | 45.00 | NOTE | |||
r-release-macos-x86_64 | 1.4.3.1 | 58.00 | NOTE | |||
r-release-windows-x86_64 | 1.4.3.1 | 34.00 | 170.00 | 204.00 | NOTE | |
r-oldrel-macos-arm64 | 1.4.3.1 | 60.00 | NOTE | |||
r-oldrel-macos-x86_64 | 1.4.3.1 | 83.00 | NOTE | |||
r-oldrel-windows-ix86+x86_64 | 1.4.3.1 | 24.00 | 130.00 | 154.00 | NOTE |
Version: 1.4.3.1
Check: LazyData
Result: NOTE
'LazyData' is specified without a 'data' directory
Flavors: r-devel-linux-x86_64-debian-clang, r-devel-linux-x86_64-debian-gcc, r-devel-linux-x86_64-fedora-clang, r-devel-linux-x86_64-fedora-gcc, r-devel-windows-x86_64, r-patched-linux-x86_64, r-release-linux-x86_64, r-release-macos-arm64, r-release-macos-x86_64, r-release-windows-x86_64, r-oldrel-macos-arm64, r-oldrel-macos-x86_64, r-oldrel-windows-ix86+x86_64