CRAN Package Check Results for Package Rdtq

Last updated on 2022-08-16 12:53:10 CEST.

Flavor Version Tinstall Tcheck Ttotal Status Flags
r-devel-linux-x86_64-debian-clang 0.1 27.45 106.37 133.82 NOTE
r-devel-linux-x86_64-debian-gcc 0.1 19.76 78.90 98.66 NOTE
r-devel-linux-x86_64-fedora-clang 0.1 174.00 NOTE
r-devel-linux-x86_64-fedora-gcc 0.1 161.52 NOTE
r-devel-windows-x86_64 0.1 24.00 148.00 172.00 NOTE
r-patched-linux-x86_64 0.1 21.34 98.56 119.90 NOTE
r-release-linux-x86_64 0.1 19.87 97.33 117.20 NOTE
r-release-macos-arm64 0.1 48.00 NOTE
r-release-macos-x86_64 0.1 63.00 NOTE
r-release-windows-x86_64 0.1 23.00 145.00 168.00 NOTE
r-oldrel-macos-arm64 0.1 55.00 NOTE
r-oldrel-macos-x86_64 0.1 86.00 NOTE
r-oldrel-windows-ix86+x86_64 0.1 59.00 200.00 259.00 NOTE

Additional issues

clang-UBSAN

Check Details

Version: 0.1
Check: LazyData
Result: NOTE
     'LazyData' is specified without a 'data' directory
Flavors: r-devel-linux-x86_64-debian-clang, r-devel-linux-x86_64-debian-gcc, r-devel-linux-x86_64-fedora-clang, r-devel-linux-x86_64-fedora-gcc, r-devel-windows-x86_64, r-patched-linux-x86_64, r-release-linux-x86_64, r-release-macos-arm64, r-release-macos-x86_64, r-release-windows-x86_64, r-oldrel-macos-arm64, r-oldrel-macos-x86_64, r-oldrel-windows-ix86+x86_64

Version: 0.1
Check: for non-standard things in the check directory
Result: NOTE
    Found the following files/directories:
     'example.pdf'
Flavors: r-devel-linux-x86_64-debian-clang, r-devel-linux-x86_64-debian-gcc, r-devel-linux-x86_64-fedora-clang, r-devel-linux-x86_64-fedora-gcc, r-patched-linux-x86_64, r-release-linux-x86_64

Version: 0.1
Check: compiled code
Result: NOTE
    File ‘Rdtq/libs/Rdtq.so’:
     Found no calls to: ‘R_registerRoutines’, ‘R_useDynamicSymbols’
    
    It is good practice to register native routines and to disable symbol
    search.
    
    See ‘Writing portable packages’ in the ‘Writing R Extensions’ manual.
Flavors: r-devel-linux-x86_64-fedora-clang, r-devel-linux-x86_64-fedora-gcc