CRAN Package Check Results for Package Rdca

Last updated on 2022-08-10 21:53:51 CEST.

Flavor Version Tinstall Tcheck Ttotal Status Flags
r-devel-linux-x86_64-debian-clang 0.1.0 48.94 81.34 130.28 WARN
r-devel-linux-x86_64-debian-gcc 0.1.0 39.10 59.65 98.75 NOTE
r-devel-linux-x86_64-fedora-clang 0.1.0 178.79 WARN
r-devel-linux-x86_64-fedora-gcc 0.1.0 168.15 NOTE
r-devel-windows-x86_64 0.1.0 49.00 145.00 194.00 NOTE
r-patched-linux-x86_64 0.1.0 39.37 75.72 115.09 NOTE
r-release-linux-x86_64 0.1.0 NOTE
r-release-macos-arm64 0.1.0 48.00 NOTE
r-release-macos-x86_64 0.1.0 84.00 NOTE
r-release-windows-x86_64 0.1.0 50.00 135.00 185.00 NOTE
r-oldrel-macos-arm64 0.1.0 68.00 NOTE
r-oldrel-macos-x86_64 0.1.0 81.00 NOTE
r-oldrel-windows-ix86+x86_64 0.1.0 124.00 133.00 257.00 NOTE

Additional issues

clang14

Check Details

Version: 0.1.0
Check: whether package can be installed
Result: WARN
    Found the following significant warnings:
     decline_interface.cpp:34:8: warning: use of bitwise '|' with boolean operands [-Wbitwise-instead-of-logical]
Flavors: r-devel-linux-x86_64-debian-clang, r-devel-linux-x86_64-fedora-clang

Version: 0.1.0
Check: LazyData
Result: NOTE
     'LazyData' is specified without a 'data' directory
Flavors: r-devel-linux-x86_64-debian-clang, r-devel-linux-x86_64-debian-gcc, r-devel-linux-x86_64-fedora-clang, r-devel-linux-x86_64-fedora-gcc, r-devel-windows-x86_64, r-patched-linux-x86_64, r-release-linux-x86_64, r-release-macos-arm64, r-release-macos-x86_64, r-release-windows-x86_64, r-oldrel-macos-arm64, r-oldrel-macos-x86_64, r-oldrel-windows-ix86+x86_64