CRAN Package Check Results for Package Rcurvep

Last updated on 2022-08-11 00:51:03 CEST.

Flavor Version Tinstall Tcheck Ttotal Status Flags
r-devel-linux-x86_64-debian-clang 1.2.0 5.99 213.95 219.94 NOTE
r-devel-linux-x86_64-debian-gcc 1.2.0 7.34 151.18 158.52 NOTE
r-devel-linux-x86_64-fedora-clang 1.2.0 260.54 NOTE
r-devel-linux-x86_64-fedora-gcc 1.2.0 262.53 NOTE
r-devel-windows-x86_64 1.2.0 30.00 253.00 283.00 NOTE
r-patched-linux-x86_64 1.2.0 5.44 201.14 206.58 OK
r-release-linux-x86_64 1.2.0 OK
r-release-macos-arm64 1.2.0 60.00 OK
r-release-macos-x86_64 1.2.0 116.00 OK
r-release-windows-x86_64 1.2.0 32.00 248.00 280.00 OK
r-oldrel-macos-arm64 1.2.0 90.00 OK
r-oldrel-macos-x86_64 1.2.0 89.00 OK
r-oldrel-windows-ix86+x86_64 1.2.0 16.00 254.00 270.00 OK

Check Details

Version: 1.2.0
Check: package subdirectories
Result: NOTE
    Problems with news in 'NEWS.md':
     Cannot extract version info from the following section titles:
     Todo
Flavors: r-devel-linux-x86_64-debian-clang, r-devel-linux-x86_64-debian-gcc, r-devel-linux-x86_64-fedora-clang, r-devel-linux-x86_64-fedora-gcc, r-devel-windows-x86_64

Version: 1.2.0
Check: HTML version of manual
Result: NOTE
    Found the following HTML validation problems:
    cal_knee_point.html:81:62: Warning: nested emphasis <em>
    cal_knee_point.html:81:89: Warning: nested emphasis <em>
    estimate_dataset_bmr.html:82:62: Warning: nested emphasis <em>
    estimate_dataset_bmr.html:82:89: Warning: nested emphasis <em>
Flavors: r-devel-linux-x86_64-debian-clang, r-devel-linux-x86_64-debian-gcc