CRAN Package Check Results for Package RcppZiggurat

Last updated on 2020-09-21 19:59:10 CEST.

Flavor Version Tinstall Tcheck Ttotal Status Flags
r-devel-linux-x86_64-debian-clang 0.1.5 23.52 38.37 61.89 OK
r-devel-linux-x86_64-debian-gcc 0.1.5 16.71 30.44 47.15 OK
r-devel-linux-x86_64-fedora-clang 0.1.5 88.89 NOTE
r-devel-linux-x86_64-fedora-gcc 0.1.5 78.36 NOTE
r-devel-windows-ix86+x86_64 0.1.5 60.00 83.00 143.00 OK
r-patched-linux-x86_64 0.1.5 17.89 38.19 56.08 OK
r-patched-solaris-x86 0.1.5 96.30 OK
r-release-linux-x86_64 0.1.5 16.81 38.36 55.17 OK
r-release-macos-x86_64 0.1.5 OK
r-release-windows-ix86+x86_64 0.1.5 59.00 104.00 163.00 OK
r-oldrel-macos-x86_64 0.1.5 OK
r-oldrel-windows-ix86+x86_64 0.1.5 44.00 84.00 128.00 OK

Additional issues

LTO

Check Details

Version: 0.1.5
Check: top-level files
Result: NOTE
    ‘cleanup’: /bin/bash is not portable
Flavors: r-devel-linux-x86_64-fedora-clang, r-devel-linux-x86_64-fedora-gcc