CRAN Package Check Results for Package RcppParallel

Last updated on 2020-07-14 13:51:24 CEST.

Flavor Version Tinstall Tcheck Ttotal Status Flags
r-devel-linux-x86_64-debian-clang 5.0.2 38.13 74.77 112.90 NOTE
r-devel-linux-x86_64-debian-gcc 5.0.2 56.21 50.45 106.66 NOTE
r-devel-linux-x86_64-fedora-clang 5.0.2 166.29 NOTE
r-devel-linux-x86_64-fedora-gcc 5.0.2 138.63 NOTE
r-devel-windows-ix86+x86_64 5.0.2 332.00 180.00 512.00 NOTE
r-patched-linux-x86_64 5.0.2 58.69 59.40 118.09 NOTE
r-patched-solaris-x86 5.0.2 201.30 NOTE
r-release-linux-x86_64 5.0.2 56.72 59.31 116.03 NOTE
r-release-macos-x86_64 5.0.2 ERROR
r-release-windows-ix86+x86_64 5.0.2 332.00 189.00 521.00 NOTE
r-oldrel-macos-x86_64 5.0.2 NOTE
r-oldrel-windows-ix86+x86_64 5.0.2 213.00 185.00 398.00 NOTE

Check Details

Version: 5.0.2
Check: for GNU extensions in Makefiles
Result: NOTE
    GNU make is a SystemRequirements.
Flavors: r-devel-linux-x86_64-debian-clang, r-devel-linux-x86_64-debian-gcc, r-devel-linux-x86_64-fedora-clang, r-devel-linux-x86_64-fedora-gcc, r-devel-windows-ix86+x86_64, r-patched-linux-x86_64, r-patched-solaris-x86, r-release-linux-x86_64, r-release-windows-ix86+x86_64, r-oldrel-macos-x86_64, r-oldrel-windows-ix86+x86_64

Version: 5.0.2
Check: installed package size
Result: NOTE
     installed size is 5.8Mb
     sub-directories of 1Mb or more:
     include 2.4Mb
     lib 3.1Mb
Flavors: r-devel-linux-x86_64-fedora-clang, r-devel-windows-ix86+x86_64, r-release-windows-ix86+x86_64, r-oldrel-windows-ix86+x86_64

Version: 5.0.2
Check: whether package can be installed
Result: ERROR
    Installation failed.
Flavor: r-release-macos-x86_64