CRAN Package Check Results for Package RcppEigenAD

Last updated on 2022-10-06 01:49:57 CEST.

Flavor Version Tinstall Tcheck Ttotal Status Flags
r-devel-linux-x86_64-debian-clang 1.0.0 25.16 50.35 75.51 OK
r-devel-linux-x86_64-debian-gcc 1.0.0 21.36 38.33 59.69 OK
r-devel-linux-x86_64-fedora-clang 1.0.0 115.63 NOTE
r-devel-linux-x86_64-fedora-gcc 1.0.0 109.60 NOTE
r-devel-windows-x86_64 1.0.0 102.00 98.00 200.00 OK
r-patched-linux-x86_64 1.0.0 19.45 47.94 67.39 OK
r-release-linux-x86_64 1.0.0 19.40 47.47 66.87 OK
r-release-macos-arm64 1.0.0 32.00 NOTE
r-release-macos-x86_64 1.0.0 53.00 NOTE
r-release-windows-x86_64 1.0.0 185.00 98.00 283.00 OK
r-oldrel-macos-arm64 1.0.0 33.00 NOTE
r-oldrel-macos-x86_64 1.0.0 46.00 NOTE
r-oldrel-windows-ix86+x86_64 1.0.0 68.00 104.00 172.00 OK

Additional issues

donttest

Check Details

Version: 1.0.0
Check: dependencies in R code
Result: NOTE
    Namespace in Imports field not imported from: ‘RcppEigen’
     All declared Imports should be used.
Flavors: r-devel-linux-x86_64-fedora-clang, r-devel-linux-x86_64-fedora-gcc, r-release-macos-arm64, r-release-macos-x86_64, r-oldrel-macos-arm64, r-oldrel-macos-x86_64