Last updated on 2022-08-13 12:55:23 CEST.
Flavor | Version | Tinstall | Tcheck | Ttotal | Status | Flags |
---|---|---|---|---|---|---|
r-devel-linux-x86_64-debian-clang | 0.3.3.9.2 | 75.14 | 86.36 | 161.50 | OK | |
r-devel-linux-x86_64-debian-gcc | 0.3.3.9.2 | 67.43 | 67.68 | 135.11 | OK | |
r-devel-linux-x86_64-fedora-clang | 0.3.3.9.2 | 232.53 | NOTE | |||
r-devel-linux-x86_64-fedora-gcc | 0.3.3.9.2 | 225.38 | OK | |||
r-devel-windows-x86_64 | 0.3.3.9.2 | 743.00 | 286.00 | 1029.00 | NOTE | |
r-patched-linux-x86_64 | 0.3.3.9.2 | 69.24 | 86.05 | 155.29 | OK | |
r-release-linux-x86_64 | 0.3.3.9.2 | 68.20 | 85.04 | 153.24 | OK | |
r-release-macos-arm64 | 0.3.3.9.2 | 97.00 | NOTE | |||
r-release-macos-x86_64 | 0.3.3.9.2 | 129.00 | NOTE | |||
r-release-windows-x86_64 | 0.3.3.9.2 | 675.00 | 272.00 | 947.00 | NOTE | |
r-oldrel-macos-arm64 | 0.3.3.9.2 | 95.00 | NOTE | |||
r-oldrel-macos-x86_64 | 0.3.3.9.2 | 123.00 | NOTE | |||
r-oldrel-windows-ix86+x86_64 | 0.3.3.9.2 | 174.00 | 397.00 | 571.00 | NOTE |
Version: 0.3.3.9.2
Check: installed package size
Result: NOTE
installed size is 30.3Mb
sub-directories of 1Mb or more:
include 7.9Mb
libs 21.8Mb
Flavors: r-devel-linux-x86_64-fedora-clang, r-devel-windows-x86_64, r-release-macos-arm64, r-release-macos-x86_64, r-release-windows-x86_64, r-oldrel-macos-arm64, r-oldrel-macos-x86_64, r-oldrel-windows-ix86+x86_64