CRAN Package Check Results for Package RcppClassicExamples

Last updated on 2020-07-07 02:08:33 CEST.

Flavor Version Tinstall Tcheck Ttotal Status Flags
r-devel-linux-x86_64-debian-clang 0.1.2 49.67 24.20 73.87 OK
r-devel-linux-x86_64-debian-gcc 0.1.2 32.10 19.33 51.43 OK
r-devel-linux-x86_64-fedora-clang 0.1.2 110.27 NOTE
r-devel-linux-x86_64-fedora-gcc 0.1.2 88.66 OK
r-devel-windows-ix86+x86_64 0.1.2 95.00 80.00 175.00 OK
r-patched-linux-x86_64 0.1.2 35.76 24.48 60.24 OK
r-patched-solaris-x86 0.1.2 99.20 OK
r-release-linux-x86_64 0.1.2 35.42 24.56 59.98 OK
r-release-osx-x86_64 0.1.2 OK
r-release-windows-ix86+x86_64 0.1.2 102.00 61.00 163.00 OK
r-oldrel-osx-x86_64 0.1.2 OK
r-oldrel-windows-ix86+x86_64 0.1.2 100.00 80.00 180.00 OK

Check Details

Version: 0.1.2
Check: Rd cross-references
Result: NOTE
    Undeclared package ‘RcppExamples’ in Rd xrefs
Flavor: r-devel-linux-x86_64-fedora-clang