CRAN Package Check Results for Package RcppClassic

Last updated on 2020-05-29 07:54:05 CEST.

Flavor Version Tinstall Tcheck Ttotal Status Flags
r-devel-linux-x86_64-debian-clang 0.9.12 92.05 27.11 119.16 OK
r-devel-linux-x86_64-debian-gcc 0.9.12 63.88 21.74 85.62 OK
r-devel-linux-x86_64-fedora-clang 0.9.12 176.45 NOTE
r-devel-linux-x86_64-fedora-gcc 0.9.12 138.44 OK
r-devel-windows-ix86+x86_64 0.9.12 236.00 215.00 451.00 OK
r-patched-linux-x86_64 0.9.12 64.99 27.11 92.10 OK
r-patched-solaris-x86 0.9.12 193.20 OK
r-release-linux-x86_64 0.9.12 61.08 27.30 88.38 OK
r-release-osx-x86_64 0.9.12 WARN
r-release-windows-ix86+x86_64 0.9.12 170.00 199.00 369.00 OK
r-oldrel-osx-x86_64 0.9.12 WARN
r-oldrel-windows-ix86+x86_64 0.9.12 245.00 146.00 391.00 OK

Check Details

Version: 0.9.12
Check: installed package size
Result: NOTE
     installed size is 7.0Mb
     sub-directories of 1Mb or more:
     lib 5.0Mb
     libs 1.6Mb
Flavor: r-devel-linux-x86_64-fedora-clang

Version: 0.9.12
Check: whether package can be installed
Result: WARN
    Found the following significant warnings:
     WARNING: shared objects/dynamic libraries with hard-coded temporary installation paths
Flavors: r-release-osx-x86_64, r-oldrel-osx-x86_64