CRAN Package Check Results for Package RcppBigIntAlgos

Last updated on 2020-10-24 07:49:54 CEST.

Flavor Version Tinstall Tcheck Ttotal Status Flags
r-devel-linux-x86_64-debian-clang 0.3.3 92.63 51.52 144.15 OK
r-devel-linux-x86_64-debian-gcc 0.3.3 63.85 41.53 105.38 OK
r-devel-linux-x86_64-fedora-clang 0.3.3 209.99 NOTE
r-devel-linux-x86_64-fedora-gcc 0.3.3 179.36 OK
r-devel-windows-ix86+x86_64 0.3.3 204.00 121.00 325.00 OK
r-patched-linux-x86_64 0.3.3 83.15 51.23 134.38 OK
r-patched-solaris-x86 0.3.3 196.70 OK
r-release-linux-x86_64 0.3.3 80.69 50.24 130.93 OK
r-release-macos-x86_64 0.3.3 OK
r-release-windows-ix86+x86_64 0.3.3 150.00 120.00 270.00 OK
r-oldrel-macos-x86_64 0.3.3 OK
r-oldrel-windows-ix86+x86_64 0.3.3 207.00 116.00 323.00 OK

Check Details

Version: 0.3.3
Check: installed package size
Result: NOTE
     installed size is 5.2Mb
     sub-directories of 1Mb or more:
     libs 4.9Mb
Flavor: r-devel-linux-x86_64-fedora-clang