CRAN Package Check Results for Package RcppAlgos

Last updated on 2020-09-21 01:53:19 CEST.

Flavor Version Tinstall Tcheck Ttotal Status Flags
r-devel-linux-x86_64-debian-clang 2.4.1 409.30 92.26 501.56 OK
r-devel-linux-x86_64-debian-gcc 2.4.1 298.21 69.54 367.75 OK
r-devel-linux-x86_64-fedora-clang 2.4.1 728.44 NOTE
r-devel-linux-x86_64-fedora-gcc 2.4.1 663.09 OK
r-devel-windows-ix86+x86_64 2.4.1 884.00 193.00 1077.00 NOTE
r-patched-linux-x86_64 2.4.1 308.93 91.50 400.43 OK
r-patched-solaris-x86 2.4.1 545.20 OK
r-release-linux-x86_64 2.4.1 303.19 91.37 394.56 OK
r-release-macos-x86_64 2.4.1 NOTE
r-release-windows-ix86+x86_64 2.4.1 893.00 273.00 1166.00 NOTE
r-oldrel-macos-x86_64 2.4.1 NOTE
r-oldrel-windows-ix86+x86_64 2.4.1 660.00 202.00 862.00 NOTE

Check Details

Version: 2.4.1
Check: installed package size
Result: NOTE
     installed size is 28.4Mb
     sub-directories of 1Mb or more:
     libs 27.1Mb
Flavors: r-devel-linux-x86_64-fedora-clang, r-devel-windows-ix86+x86_64, r-release-macos-x86_64, r-release-windows-ix86+x86_64, r-oldrel-macos-x86_64, r-oldrel-windows-ix86+x86_64