CRAN Package Check Results for Package RcmdrPlugin.sampling

Last updated on 2020-10-26 13:47:07 CET.

Flavor Version Tinstall Tcheck Ttotal Status Flags
r-devel-linux-x86_64-debian-clang 1.1 17.65 126.95 144.60 NOTE
r-devel-linux-x86_64-debian-gcc 1.1 15.02 94.91 109.93 NOTE
r-devel-linux-x86_64-fedora-clang 1.1 184.00 NOTE
r-devel-linux-x86_64-fedora-gcc 1.1 185.89 NOTE
r-devel-windows-ix86+x86_64 1.1 39.00 144.00 183.00 NOTE
r-patched-linux-x86_64 1.1 11.95 114.82 126.77 NOTE
r-patched-solaris-x86 1.1 272.00 NOTE
r-release-linux-x86_64 1.1 17.25 113.26 130.51 NOTE
r-release-macos-x86_64 1.1 NOTE
r-release-windows-ix86+x86_64 1.1 28.00 101.00 129.00 NOTE
r-oldrel-macos-x86_64 1.1 NOTE
r-oldrel-windows-ix86+x86_64 1.1 34.00 101.00 135.00 NOTE

Check Details

Version: 1.1
Check: R code for possible problems
Result: NOTE
    SampleSizes: no visible global function definition for 'xtabs'
    SampleSizes: no visible global function definition for 'weighted.mean'
    SampleSizes: no visible global function definition for 'reshape'
    stage1Sample.fn: no visible global function definition for 'runif'
    stage2Sample.fn: no visible global function definition for 'runif'
    strata.options : onOK: no visible global function definition for
     'packageDescription'
    Undefined global functions or variables:
     packageDescription reshape runif weighted.mean xtabs
    Consider adding
     importFrom("stats", "reshape", "runif", "weighted.mean", "xtabs")
     importFrom("utils", "packageDescription")
    to your NAMESPACE file.
Flavors: r-devel-linux-x86_64-debian-clang, r-devel-linux-x86_64-debian-gcc, r-devel-linux-x86_64-fedora-clang, r-devel-linux-x86_64-fedora-gcc, r-devel-windows-ix86+x86_64, r-patched-linux-x86_64, r-patched-solaris-x86, r-release-linux-x86_64, r-release-macos-x86_64, r-release-windows-ix86+x86_64, r-oldrel-macos-x86_64, r-oldrel-windows-ix86+x86_64