CRAN Package Check Results for Package RcmdrPlugin.orloca

Last updated on 2022-01-18 01:52:10 CET.

Flavor Version Tinstall Tcheck Ttotal Status Flags
r-devel-linux-x86_64-debian-clang 4.8.2 16.03 142.67 158.70 OK
r-devel-linux-x86_64-debian-gcc 4.8.2 13.29 106.33 119.62 OK
r-devel-linux-x86_64-fedora-clang 4.8.2 198.15 OK
r-devel-linux-x86_64-fedora-gcc 4.8.2 182.76 OK
r-devel-windows-x86_64-new-UL 4.8.2 82.00 162.00 244.00 OK
r-devel-windows-x86_64-new-TK 4.8.2 ERROR
r-patched-linux-x86_64 4.8.2 15.73 138.94 154.67 OK
r-release-linux-x86_64 4.8.2 OK
r-release-macos-arm64 4.8.2 OK
r-release-macos-x86_64 4.8.2 OK
r-release-windows-ix86+x86_64 4.8.2 36.00 161.00 197.00 OK
r-oldrel-macos-x86_64 4.8.2 OK
r-oldrel-windows-ix86+x86_64 4.8.2 38.00 168.00 206.00 OK

Check Details

Version: 4.8.2
Check: package dependencies
Result: ERROR
    Package required but not available: 'Rcmdr'
    
    See section 'The DESCRIPTION file' in the 'Writing R Extensions'
    manual.
Flavor: r-devel-windows-x86_64-new-TK