Last updated on 2022-06-28 21:51:30 CEST.
Flavor | Version | Tinstall | Tcheck | Ttotal | Status | Flags |
---|---|---|---|---|---|---|
r-devel-linux-x86_64-debian-clang | 1.0.2 | 17.08 | 135.21 | 152.29 | NOTE | |
r-devel-linux-x86_64-debian-gcc | 1.0.2 | 15.42 | 100.13 | 115.55 | NOTE | |
r-devel-linux-x86_64-fedora-clang | 1.0.2 | 194.35 | NOTE | |||
r-devel-linux-x86_64-fedora-gcc | 1.0.2 | 193.66 | NOTE | |||
r-devel-windows-x86_64 | 1.0.2 | 40.00 | 174.00 | 214.00 | NOTE | |
r-patched-linux-x86_64 | 1.0.2 | 25.27 | 133.01 | 158.28 | NOTE | |
r-release-linux-x86_64 | 1.0.2 | 18.85 | 132.42 | 151.27 | NOTE | |
r-release-macos-arm64 | 1.0.2 | 62.00 | NOTE | |||
r-release-macos-x86_64 | 1.0.2 | 137.00 | NOTE | |||
r-release-windows-x86_64 | 1.0.2 | 41.00 | 159.00 | 200.00 | NOTE | |
r-oldrel-macos-arm64 | 1.0.2 | 55.00 | NOTE | |||
r-oldrel-macos-x86_64 | 1.0.2 | 127.00 | NOTE | |||
r-oldrel-windows-ix86+x86_64 | 1.0.2 | 42.00 | 149.00 | 191.00 | NOTE |
Version: 1.0.2
Check: LazyData
Result: NOTE
'LazyData' is specified without a 'data' directory
Flavors: r-devel-linux-x86_64-debian-clang, r-devel-linux-x86_64-debian-gcc, r-devel-linux-x86_64-fedora-clang, r-devel-linux-x86_64-fedora-gcc, r-devel-windows-x86_64, r-patched-linux-x86_64, r-release-linux-x86_64, r-release-macos-arm64, r-release-macos-x86_64, r-release-windows-x86_64, r-oldrel-macos-arm64, r-oldrel-macos-x86_64, r-oldrel-windows-ix86+x86_64