CRAN Package Check Results for Package RcmdrPlugin.Export

Last updated on 2022-01-18 01:52:10 CET.

Flavor Version Tinstall Tcheck Ttotal Status Flags
r-devel-linux-x86_64-debian-clang 0.3-1 15.31 136.96 152.27 OK
r-devel-linux-x86_64-debian-gcc 0.3-1 13.05 103.82 116.87 OK
r-devel-linux-x86_64-fedora-clang 0.3-1 186.28 OK
r-devel-linux-x86_64-fedora-gcc 0.3-1 173.21 OK
r-devel-windows-x86_64-new-UL 0.3-1 60.00 160.00 220.00 OK
r-devel-windows-x86_64-new-TK 0.3-1 ERROR
r-patched-linux-x86_64 0.3-1 14.91 127.85 142.76 OK
r-release-linux-x86_64 0.3-1 OK
r-release-macos-arm64 0.3-1 OK
r-release-macos-x86_64 0.3-1 OK
r-release-windows-ix86+x86_64 0.3-1 38.00 149.00 187.00 OK
r-oldrel-macos-x86_64 0.3-1 OK
r-oldrel-windows-ix86+x86_64 0.3-1 37.00 155.00 192.00 OK

Check Details

Version: 0.3-1
Check: package dependencies
Result: ERROR
    Package required but not available: 'Rcmdr'
    
    See section 'The DESCRIPTION file' in the 'Writing R Extensions'
    manual.
Flavor: r-devel-windows-x86_64-new-TK