CRAN Package Check Results for Package Rcmdr

Last updated on 2022-12-02 00:52:27 CET.

Flavor Version Tinstall Tcheck Ttotal Status Flags
r-devel-linux-x86_64-debian-clang 2.8-0 46.44 264.57 311.01 OK
r-devel-linux-x86_64-debian-gcc 2.8-0 36.57 191.44 228.01 OK
r-devel-linux-x86_64-fedora-clang 2.8-0 417.44 NOTE
r-devel-linux-x86_64-fedora-gcc 2.8-0 409.24 OK
r-devel-windows-x86_64 2.8-0 96.00 317.00 413.00 NOTE
r-patched-linux-x86_64 2.8-0 55.38 274.36 329.74 OK
r-release-linux-x86_64 2.8-0 53.73 273.01 326.74 OK
r-release-macos-arm64 2.8-0 83.00 NOTE
r-release-macos-x86_64 2.8-0 221.00 NOTE
r-release-windows-x86_64 2.8-0 137.00 295.00 432.00 NOTE
r-oldrel-macos-arm64 2.8-0 72.00 NOTE
r-oldrel-macos-x86_64 2.8-0 210.00 NOTE
r-oldrel-windows-ix86+x86_64 2.8-0 79.00 275.00 354.00 NOTE

Check Details

Version: 2.8-0
Check: installed package size
Result: NOTE
     installed size is 7.7Mb
     sub-directories of 1Mb or more:
     R 1.2Mb
     doc 3.3Mb
     po 2.5Mb
Flavors: r-devel-linux-x86_64-fedora-clang, r-devel-windows-x86_64, r-release-macos-arm64, r-release-macos-x86_64, r-release-windows-x86_64, r-oldrel-macos-arm64, r-oldrel-macos-x86_64, r-oldrel-windows-ix86+x86_64