Last updated on 2022-05-19 12:55:37 CEST.
Flavor | Version | Tinstall | Tcheck | Ttotal | Status | Flags |
---|---|---|---|---|---|---|
r-devel-linux-x86_64-debian-clang | 2.7-2 | 55.45 | 287.71 | 343.16 | OK | |
r-devel-linux-x86_64-debian-gcc | 2.7-2 | 41.00 | 209.27 | 250.27 | OK | |
r-devel-linux-x86_64-fedora-clang | 2.7-2 | 410.84 | NOTE | |||
r-devel-linux-x86_64-fedora-gcc | 2.7-2 | 401.06 | OK | |||
r-devel-windows-x86_64 | 2.7-2 | 86.00 | 266.00 | 352.00 | NOTE | |
r-patched-linux-x86_64 | 2.7-2 | 52.98 | 272.40 | 325.38 | OK | |
r-release-linux-x86_64 | 2.7-2 | 50.34 | 271.57 | 321.91 | OK | |
r-release-macos-arm64 | 2.7-2 | 147.00 | NOTE | |||
r-release-macos-x86_64 | 2.7-2 | 254.00 | NOTE | |||
r-release-windows-x86_64 | 2.7-2 | 94.00 | 264.00 | 358.00 | NOTE | |
r-oldrel-macos-arm64 | 2.7-2 | 79.00 | NOTE | |||
r-oldrel-macos-x86_64 | 2.7-2 | 207.00 | NOTE | |||
r-oldrel-windows-ix86+x86_64 | 2.7-2 | 74.00 | 249.00 | 323.00 | NOTE |
Version: 2.7-2
Check: installed package size
Result: NOTE
installed size is 7.6Mb
sub-directories of 1Mb or more:
R 1.2Mb
doc 3.4Mb
po 2.4Mb
Flavors: r-devel-linux-x86_64-fedora-clang, r-devel-windows-x86_64, r-release-macos-arm64, r-release-macos-x86_64, r-release-windows-x86_64, r-oldrel-macos-arm64, r-oldrel-macos-x86_64, r-oldrel-windows-ix86+x86_64