CRAN Package Check Results for Package Rarefy

Last updated on 2020-09-22 14:05:07 CEST.

Flavor Version Tinstall Tcheck Ttotal Status Flags
r-devel-linux-x86_64-debian-clang 1.0 29.78 211.32 241.10 OK
r-devel-linux-x86_64-debian-gcc 1.0 21.14 160.97 182.11 OK
r-devel-linux-x86_64-fedora-clang 1.0 335.03 OK
r-devel-linux-x86_64-fedora-gcc 1.0 299.39 OK
r-devel-windows-ix86+x86_64 1.0 66.00 205.00 271.00 OK
r-patched-linux-x86_64 1.0 20.18 202.92 223.10 OK
r-patched-solaris-x86 1.0 437.40 OK
r-release-linux-x86_64 1.0 25.61 205.74 231.35 OK
r-release-macos-x86_64 1.0 OK
r-release-windows-ix86+x86_64 1.0 62.00 251.00 313.00 OK
r-oldrel-macos-x86_64 1.0 WARN
r-oldrel-windows-ix86+x86_64 1.0 36.00 202.00 238.00 OK

Check Details

Version: 1.0
Check: whether package can be installed
Result: WARN
    Found the following significant warnings:
     Warning: 'rgl.init' failed, running with 'rgl.useNULL = TRUE'.
Flavor: r-oldrel-macos-x86_64