CRAN Package Check Results for Package Raquifer

Last updated on 2022-08-08 12:55:04 CEST.

Flavor Version Tinstall Tcheck Ttotal Status Flags
r-devel-linux-x86_64-debian-clang 0.1.0 7.85 71.11 78.96 NOTE
r-devel-linux-x86_64-debian-gcc 0.1.0 4.56 52.24 56.80 NOTE
r-devel-linux-x86_64-fedora-clang 0.1.0 100.98 NOTE
r-devel-linux-x86_64-fedora-gcc 0.1.0 97.83 NOTE
r-devel-windows-x86_64 0.1.0 23.00 97.00 120.00 NOTE
r-patched-linux-x86_64 0.1.0 5.51 64.79 70.30 NOTE
r-release-linux-x86_64 0.1.0 NOTE
r-release-macos-arm64 0.1.0 34.00 NOTE
r-release-macos-x86_64 0.1.0 56.00 NOTE
r-release-windows-x86_64 0.1.0 27.00 95.00 122.00 NOTE
r-oldrel-macos-arm64 0.1.0 41.00 NOTE
r-oldrel-macos-x86_64 0.1.0 54.00 NOTE
r-oldrel-windows-ix86+x86_64 0.1.0 16.00 95.00 111.00 NOTE

Check Details

Version: 0.1.0
Check: LazyData
Result: NOTE
     'LazyData' is specified without a 'data' directory
Flavors: r-devel-linux-x86_64-debian-clang, r-devel-linux-x86_64-debian-gcc, r-devel-linux-x86_64-fedora-clang, r-devel-linux-x86_64-fedora-gcc, r-devel-windows-x86_64, r-patched-linux-x86_64, r-release-linux-x86_64, r-release-macos-arm64, r-release-macos-x86_64, r-release-windows-x86_64, r-oldrel-macos-arm64, r-oldrel-macos-x86_64, r-oldrel-windows-ix86+x86_64