CRAN Package Check Results for Package Raquifer

Last updated on 2024-06-15 06:49:54 CEST.

Flavor Version Tinstall Tcheck Ttotal Status Flags
r-devel-linux-x86_64-debian-clang 0.1.0 7.56 68.34 75.90 NOTE
r-devel-linux-x86_64-debian-gcc 0.1.0 5.77 49.88 55.65 NOTE
r-devel-linux-x86_64-fedora-clang 0.1.0 95.82 NOTE
r-devel-linux-x86_64-fedora-gcc 0.1.0 99.42 NOTE
r-devel-windows-x86_64 0.1.0 6.00 67.00 73.00 NOTE
r-patched-linux-x86_64 0.1.0 6.85 64.71 71.56 NOTE
r-release-linux-x86_64 0.1.0 5.94 64.80 70.74 NOTE
r-release-macos-arm64 0.1.0 35.00 NOTE
r-release-macos-x86_64 0.1.0 51.00 NOTE
r-release-windows-x86_64 0.1.0 7.00 67.00 74.00 NOTE
r-oldrel-macos-arm64 0.1.0 37.00 NOTE
r-oldrel-macos-x86_64 0.1.0 52.00 NOTE
r-oldrel-windows-x86_64 0.1.0 9.00 74.00 83.00 NOTE

Check Details

Version: 0.1.0
Check: LazyData
Result: NOTE 'LazyData' is specified without a 'data' directory Flavors: r-devel-linux-x86_64-debian-clang, r-devel-linux-x86_64-debian-gcc, r-devel-linux-x86_64-fedora-clang, r-devel-linux-x86_64-fedora-gcc, r-devel-windows-x86_64, r-patched-linux-x86_64, r-release-linux-x86_64, r-release-macos-arm64, r-release-macos-x86_64, r-release-windows-x86_64, r-oldrel-macos-arm64, r-oldrel-macos-x86_64, r-oldrel-windows-x86_64